Last updated on 2025-10-03 01:50:00 CEST.
Flavor | Version | Tinstall | Tcheck | Ttotal | Status | Flags |
---|---|---|---|---|---|---|
r-devel-linux-x86_64-debian-clang | 1.6.6 | 84.95 | 109.02 | 193.97 | OK | |
r-devel-linux-x86_64-debian-gcc | 1.6.6 | 54.72 | 77.05 | 131.77 | OK | |
r-devel-linux-x86_64-fedora-clang | 1.6.6 | 341.10 | OK | |||
r-devel-linux-x86_64-fedora-gcc | 1.6.6 | 270.74 | OK | |||
r-devel-windows-x86_64 | 1.6.6 | 102.00 | 179.00 | 281.00 | OK | |
r-patched-linux-x86_64 | 1.6.6 | 87.19 | 102.40 | 189.59 | OK | |
r-release-linux-x86_64 | 1.6.5 | 84.11 | 102.22 | 186.33 | NOTE | |
r-release-macos-arm64 | 88.00 | FAIL | ||||
r-release-macos-x86_64 | 1.6.6 | 373.00 | OK | |||
r-release-windows-x86_64 | 1.6.6 | 81.00 | 165.00 | 246.00 | OK | |
r-oldrel-macos-arm64 | 1.6.5 | 80.00 | NOTE | |||
r-oldrel-macos-x86_64 | 1.6.6 | 357.00 | NOTE | |||
r-oldrel-windows-x86_64 | 1.6.6 | 119.00 | 209.00 | 328.00 | NOTE |
Version: 1.6.5
Check: C++ specification
Result: NOTE
Specified C++11: please drop specification unless essential
Flavors: r-release-linux-x86_64, r-oldrel-macos-arm64
Version: 1.6.6
Check: re-building of vignette outputs
Result: FAIL
Flavor: r-release-macos-arm64
Version: 1.6.5
Check: installed package size
Result: NOTE
installed size is 10.7Mb
sub-directories of 1Mb or more:
R 2.0Mb
data 2.7Mb
libs 5.4Mb
Flavor: r-oldrel-macos-arm64
Version: 1.6.6
Check: installed package size
Result: NOTE
installed size is 11.0Mb
sub-directories of 1Mb or more:
R 2.1Mb
data 2.7Mb
libs 5.5Mb
Flavors: r-oldrel-macos-x86_64, r-oldrel-windows-x86_64
These binaries (installable software) and packages are in development.
They may not be fully stable and should be used with caution. We make no claims about them.