CRAN Package Check Results for Package rotations

Last updated on 2025-07-11 13:48:37 CEST.

Flavor Version Tinstall Tcheck Ttotal Status Flags
r-devel-linux-x86_64-debian-clang 1.6.5 79.81 94.85 174.66 NOTE
r-devel-linux-x86_64-debian-gcc 1.6.5 58.73 66.49 125.22 NOTE
r-devel-linux-x86_64-fedora-clang 1.6.5 310.52 NOTE
r-devel-linux-x86_64-fedora-gcc 1.6.5 324.34 NOTE
r-devel-windows-x86_64 1.6.5 100.00 167.00 267.00 NOTE
r-patched-linux-x86_64 1.6.5 82.86 88.45 171.31 NOTE
r-release-linux-x86_64 1.6.5 82.65 89.44 172.09 NOTE
r-release-macos-arm64 1.6.5 88.00 NOTE
r-release-macos-x86_64 1.6.5 123.00 NOTE
r-release-windows-x86_64 1.6.5 97.00 166.00 263.00 NOTE
r-oldrel-macos-arm64 1.6.5 80.00 NOTE
r-oldrel-macos-x86_64 1.6.5 145.00 NOTE
r-oldrel-windows-x86_64 1.6.5 114.00 194.00 308.00 NOTE

Check Details

Version: 1.6.5
Check: C++ specification
Result: NOTE Specified C++11: please drop specification unless essential Flavors: r-devel-linux-x86_64-debian-clang, r-devel-linux-x86_64-debian-gcc, r-devel-linux-x86_64-fedora-clang, r-devel-linux-x86_64-fedora-gcc, r-devel-windows-x86_64, r-patched-linux-x86_64, r-release-linux-x86_64, r-release-macos-arm64, r-release-macos-x86_64, r-release-windows-x86_64, r-oldrel-macos-arm64, r-oldrel-macos-x86_64, r-oldrel-windows-x86_64

Version: 1.6.5
Check: installed package size
Result: NOTE installed size is 10.7Mb sub-directories of 1Mb or more: R 2.0Mb data 2.7Mb libs 5.4Mb Flavors: r-oldrel-macos-arm64, r-oldrel-macos-x86_64, r-oldrel-windows-x86_64

These binaries (installable software) and packages are in development.
They may not be fully stable and should be used with caution. We make no claims about them.