CRAN Package Check Results for Package roxylint

Last updated on 2025-10-24 01:50:38 CEST.

Flavor Version Tinstall Tcheck Ttotal Status Flags
r-devel-linux-x86_64-debian-clang 0.1.0 1.86 22.16 24.02 NOTE
r-devel-linux-x86_64-debian-gcc 0.1.0 1.71 18.22 19.93 OK
r-devel-linux-x86_64-fedora-clang 0.1.0 33.94 OK
r-devel-linux-x86_64-fedora-gcc 0.1.0 31.56 OK
r-devel-windows-x86_64 0.1.0 4.00 41.00 45.00 OK
r-patched-linux-x86_64 0.1.0 2.25 20.05 22.30 OK
r-release-linux-x86_64 0.1.0 1.80 19.88 21.68 OK
r-release-macos-arm64 0.1.0 2.00 22.00 24.00 OK
r-release-macos-x86_64 0.1.0 2.00 23.00 25.00 OK
r-release-windows-x86_64 0.1.0 4.00 42.00 46.00 OK
r-oldrel-macos-arm64 0.1.0 1.00 12.00 13.00 OK
r-oldrel-macos-x86_64 0.1.0 1.00 19.00 20.00 OK
r-oldrel-windows-x86_64 0.1.0 5.00 51.00 56.00 OK

Check Details

Version: 0.1.0
Check: HTML version of manual
Result: NOTE Found the following HTML validation problems: config_tag_accepts_linters.html:51:1 (config_tag_accepts_linters.Rd:12): Warning: missing </ul> before </div> Flavor: r-devel-linux-x86_64-debian-clang

These binaries (installable software) and packages are in development.
They may not be fully stable and should be used with caution. We make no claims about them.