Last updated on 2024-07-27 15:50:32 CEST.
Flavor | Version | Tinstall | Tcheck | Ttotal | Status | Flags |
---|---|---|---|---|---|---|
r-devel-linux-x86_64-debian-clang | 4.0.0 | 251.67 | 698.33 | 950.00 | OK | |
r-devel-linux-x86_64-debian-gcc | 4.0.0 | OK | ||||
r-devel-linux-x86_64-fedora-clang | 4.0.0 | 1208.67 | NOTE | |||
r-devel-linux-x86_64-fedora-gcc | 4.0.0 | 1142.27 | OK | |||
r-devel-windows-x86_64 | 4.0.0 | 180.00 | 581.00 | 761.00 | NOTE | |
r-patched-linux-x86_64 | 4.0.0 | OK | ||||
r-release-linux-x86_64 | 4.0.0 | 214.14 | 664.32 | 878.46 | OK | |
r-release-macos-arm64 | 4.0.0 | 292.00 | NOTE | |||
r-release-macos-x86_64 | 4.0.0 | 618.00 | NOTE | |||
r-release-windows-x86_64 | 4.0.0 | 195.00 | 585.00 | 780.00 | NOTE | |
r-oldrel-macos-arm64 | 4.0.0 | 294.00 | NOTE | |||
r-oldrel-macos-x86_64 | 4.0.0 | 622.00 | NOTE | |||
r-oldrel-windows-x86_64 | 4.0.0 | 223.00 | 703.00 | 926.00 | NOTE |
Version: 4.0.0
Check: installed package size
Result: NOTE
installed size is 6.9Mb
sub-directories of 1Mb or more:
R 4.6Mb
libs 1.1Mb
Flavors: r-devel-linux-x86_64-fedora-clang, r-devel-windows-x86_64, r-release-macos-arm64, r-release-macos-x86_64, r-release-windows-x86_64, r-oldrel-macos-arm64, r-oldrel-macos-x86_64, r-oldrel-windows-x86_64
These binaries (installable software) and packages are in development.
They may not be fully stable and should be used with caution. We make no claims about them.