Last updated on 2025-10-03 15:50:01 CEST.
Flavor | Version | Tinstall | Tcheck | Ttotal | Status | Flags |
---|---|---|---|---|---|---|
r-devel-linux-x86_64-debian-clang | 0.1.3 | 14.49 | 24.87 | 39.36 | NOTE | |
r-devel-linux-x86_64-debian-gcc | 0.1.3 | 9.51 | 20.15 | 29.66 | NOTE | |
r-devel-linux-x86_64-fedora-clang | 0.1.3 | 69.27 | OK | |||
r-devel-linux-x86_64-fedora-gcc | 0.1.3 | 60.79 | OK | |||
r-devel-windows-x86_64 | 0.1.3 | 18.00 | 63.00 | 81.00 | OK | |
r-patched-linux-x86_64 | 0.1.3 | 14.89 | 23.64 | 38.53 | OK | |
r-release-linux-x86_64 | 0.1.3 | 13.34 | 23.64 | 36.98 | OK | |
r-release-macos-arm64 | 0.1.3 | 22.00 | OK | |||
r-release-macos-x86_64 | 0.1.3 | 34.00 | OK | |||
r-release-windows-x86_64 | 0.1.3 | 17.00 | 65.00 | 82.00 | OK | |
r-oldrel-macos-arm64 | 0.1.3 | 22.00 | OK | |||
r-oldrel-macos-x86_64 | 0.1.3 | 31.00 | OK | |||
r-oldrel-windows-x86_64 | 0.1.3 | 21.00 | 76.00 | 97.00 | OK |
Version: 0.1.3
Check: CRAN incoming feasibility
Result: NOTE
Maintainer: ‘Stephan Dlugosz <stephan.dlugosz@googlemail.com>’
No Authors@R field in DESCRIPTION.
Please add one, modifying
Authors@R: person(given = "Stephan",
family = "Dlugosz",
role = c("aut", "cre"),
email = "stephan.dlugosz@googlemail.com")
as necessary.
Flavors: r-devel-linux-x86_64-debian-clang, r-devel-linux-x86_64-debian-gcc
These binaries (installable software) and packages are in development.
They may not be fully stable and should be used with caution. We make no claims about them.