Last updated on 2025-07-26 07:50:33 CEST.
Flavor | Version | Tinstall | Tcheck | Ttotal | Status | Flags |
---|---|---|---|---|---|---|
r-devel-linux-x86_64-debian-clang | 1.0.15 | 114.43 | 84.32 | 198.75 | OK | |
r-devel-linux-x86_64-debian-gcc | 1.0.15 | 94.19 | 65.22 | 159.41 | OK | |
r-devel-linux-x86_64-fedora-clang | 1.0.15 | 366.76 | OK | |||
r-devel-linux-x86_64-fedora-gcc | 1.0.15 | 375.14 | OK | |||
r-devel-windows-x86_64 | 1.0.15 | 123.00 | 155.00 | 278.00 | OK | |
r-patched-linux-x86_64 | 1.0.15 | 130.09 | 86.46 | 216.55 | OK | |
r-release-linux-x86_64 | 1.0.15 | 130.43 | 87.05 | 217.48 | OK | |
r-release-macos-arm64 | 1.0.15 | 103.00 | OK | |||
r-release-macos-x86_64 | 1.0.15 | 155.00 | OK | |||
r-release-windows-x86_64 | 1.0.15 | 122.00 | 134.00 | 256.00 | OK | |
r-oldrel-macos-arm64 | 1.0.15 | 97.00 | NOTE | |||
r-oldrel-macos-x86_64 | 1.0.15 | 173.00 | NOTE | |||
r-oldrel-windows-x86_64 | 1.0.15 | 147.00 | 160.00 | 307.00 | OK |
Version: 1.0.15
Check: installed package size
Result: NOTE
installed size is 27.7Mb
sub-directories of 1Mb or more:
libs 26.6Mb
Flavors: r-oldrel-macos-arm64, r-oldrel-macos-x86_64
These binaries (installable software) and packages are in development.
They may not be fully stable and should be used with caution. We make no claims about them.