CRAN Package Check Results for Package rpinterest

Last updated on 2025-02-16 08:50:59 CET.

Flavor Version Tinstall Tcheck Ttotal Status Flags
r-devel-linux-x86_64-debian-clang 0.3.1 2.02 17.76 19.78 OK
r-devel-linux-x86_64-debian-gcc 0.3.1 1.45 14.15 15.60 OK
r-devel-linux-x86_64-fedora-clang 0.3.1 32.37 OK
r-devel-linux-x86_64-fedora-gcc 0.3.1 30.62 OK
r-devel-macos-arm64 0.3.1 16.00 OK
r-devel-macos-x86_64 0.3.1 26.00 OK
r-devel-windows-x86_64 0.3.1 3.00 46.00 49.00 OK
r-patched-linux-x86_64 0.3.1 1.83 17.02 18.85 NOTE
r-release-linux-x86_64 0.3.1 1.96 16.90 18.86 NOTE
r-release-macos-arm64 0.3.1 15.00 NOTE
r-release-macos-x86_64 0.3.1 22.00 NOTE
r-release-windows-x86_64 0.3.1 4.00 50.00 54.00 NOTE
r-oldrel-macos-arm64 0.3.1 17.00 NOTE
r-oldrel-macos-x86_64 0.3.1 21.00 NOTE
r-oldrel-windows-x86_64 0.3.1 4.00 43.00 47.00 NOTE

Check Details

Version: 0.3.1
Check: LazyData
Result: NOTE 'LazyData' is specified without a 'data' directory Flavors: r-patched-linux-x86_64, r-release-linux-x86_64, r-release-macos-arm64, r-release-macos-x86_64, r-release-windows-x86_64, r-oldrel-macos-arm64, r-oldrel-macos-x86_64, r-oldrel-windows-x86_64

These binaries (installable software) and packages are in development.
They may not be fully stable and should be used with caution. We make no claims about them.