Last updated on 2025-05-01 08:52:44 CEST.
Flavor | Version | Tinstall | Tcheck | Ttotal | Status | Flags |
---|---|---|---|---|---|---|
r-devel-linux-x86_64-debian-clang | 0.1.3 | 16.94 | 225.55 | 242.49 | NOTE | |
r-devel-linux-x86_64-debian-gcc | 0.1.3 | 14.35 | 162.77 | 177.12 | OK | |
r-devel-linux-x86_64-fedora-clang | 0.1.3 | 376.10 | OK | |||
r-devel-linux-x86_64-fedora-gcc | 0.1.3 | 387.80 | OK | |||
r-devel-windows-x86_64 | 0.1.3 | 22.00 | 287.00 | 309.00 | OK | |
r-patched-linux-x86_64 | 0.1.3 | 17.14 | 216.72 | 233.86 | OK | |
r-release-linux-x86_64 | OK | |||||
r-release-macos-arm64 | 0.1.3 | 157.00 | OK | |||
r-release-macos-x86_64 | 0.1.3 | 239.00 | OK | |||
r-release-windows-x86_64 | 0.1.3 | 21.00 | 289.00 | 310.00 | OK | |
r-oldrel-macos-arm64 | 0.1.3 | 151.00 | OK | |||
r-oldrel-macos-x86_64 | 0.1.3 | 283.00 | OK | |||
r-oldrel-windows-x86_64 | 0.1.3 | 23.00 | 320.00 | 343.00 | OK |
Version: 0.1.3
Check: examples
Result: NOTE
Examples with CPU (user + system) or elapsed time > 5s
user system elapsed
download_beta_values_case 3.725 0.158 5.449
download_beta_values_control 3.588 0.080 5.207
Flavor: r-devel-linux-x86_64-debian-clang
These binaries (installable software) and packages are in development.
They may not be fully stable and should be used with caution. We make no claims about them.