Last updated on 2025-10-24 23:49:06 CEST.
| Flavor | Version | Tinstall | Tcheck | Ttotal | Status | Flags |
|---|---|---|---|---|---|---|
| r-devel-linux-x86_64-debian-clang | 0.7-3 | 190.44 | 149.97 | 340.41 | WARN | |
| r-devel-linux-x86_64-debian-gcc | 0.7-4 | 105.57 | 101.50 | 207.07 | OK | |
| r-devel-linux-x86_64-fedora-clang | 0.7-4 | 112.00 | 552.33 | 664.33 | OK | |
| r-devel-linux-x86_64-fedora-gcc | 0.7-4 | 97.00 | 473.39 | 570.39 | OK | |
| r-devel-windows-x86_64 | 0.7-3 | 218.00 | 186.00 | 404.00 | WARN | |
| r-patched-linux-x86_64 | 0.7-3 | 176.62 | 144.00 | 320.62 | WARN | |
| r-release-linux-x86_64 | 0.7-3 | 174.09 | 142.90 | 316.99 | WARN | |
| r-release-macos-arm64 | 0.7-4 | 58.00 | 68.00 | 126.00 | OK | |
| r-release-macos-x86_64 | 0.7-4 | 91.00 | 232.00 | 323.00 | OK | |
| r-release-windows-x86_64 | 0.7-3 | 244.00 | 181.00 | 425.00 | WARN | |
| r-oldrel-macos-arm64 | 0.7-4 | 58.00 | 74.00 | 132.00 | NOTE | |
| r-oldrel-macos-x86_64 | 0.7-4 | 92.00 | 228.00 | 320.00 | NOTE | |
| r-oldrel-windows-x86_64 | 0.7-4 | 180.00 | 201.00 | 381.00 | OK |
Version: 0.7-3
Check: whether package can be installed
Result: WARN
Found the following significant warnings:
rowwise_imax_idx.cpp:17:18: warning: 'max' is deprecated: use .index_max() instead [-Wdeprecated-declarations]
rowwise_max_idx.cpp:17:18: warning: 'max' is deprecated: use .index_max() instead [-Wdeprecated-declarations]
See ‘/home/hornik/tmp/R.check/r-devel-clang/Work/PKGS/rpm.Rcheck/00install.out’ for details.
* used C++ compiler: ‘Debian clang version 19.1.7 (7)’
Flavor: r-devel-linux-x86_64-debian-clang
Version: 0.7-3
Check: whether package can be installed
Result: WARN
Found the following significant warnings:
rowwise_imax_idx.cpp:17:21: warning: 'elem_type arma::Base<elem_type, derived>::max(arma::uword&) const [with elem_type = int; derived = arma::subview<int>; arma::uword = unsigned int]' is deprecated: use .index_max() instead [-Wdeprecated-declarations]
rowwise_max_idx.cpp:17:21: warning: 'elem_type arma::Base<elem_type, derived>::max(arma::uword&) const [with elem_type = double; derived = arma::subview<double>; arma::uword = unsigned int]' is deprecated: use .index_max() instead [-Wdeprecated-declarations]
See 'd:/Rcompile/CRANpkg/local/4.6/rpm.Rcheck/00install.out' for details.
* used C++ compiler: 'g++.exe (GCC) 14.2.0'
Flavor: r-devel-windows-x86_64
Version: 0.7-3
Check: whether package can be installed
Result: WARN
Found the following significant warnings:
rowwise_imax_idx.cpp:17:21: warning: ‘elem_type arma::Base<elem_type, derived>::max(arma::uword&) const [with elem_type = int; derived = arma::subview<int>; arma::uword = unsigned int]’ is deprecated: use .index_max() instead [-Wdeprecated-declarations]
rowwise_max_idx.cpp:17:21: warning: ‘elem_type arma::Base<elem_type, derived>::max(arma::uword&) const [with elem_type = double; derived = arma::subview<double>; arma::uword = unsigned int]’ is deprecated: use .index_max() instead [-Wdeprecated-declarations]
See ‘/home/hornik/tmp/R.check/r-patched-gcc/Work/PKGS/rpm.Rcheck/00install.out’ for details.
* used C++ compiler: ‘g++-14 (Debian 14.3.0-8) 14.3.0’
Flavor: r-patched-linux-x86_64
Version: 0.7-3
Check: whether package can be installed
Result: WARN
Found the following significant warnings:
rowwise_imax_idx.cpp:17:21: warning: ‘elem_type arma::Base<elem_type, derived>::max(arma::uword&) const [with elem_type = int; derived = arma::subview<int>; arma::uword = unsigned int]’ is deprecated: use .index_max() instead [-Wdeprecated-declarations]
rowwise_max_idx.cpp:17:21: warning: ‘elem_type arma::Base<elem_type, derived>::max(arma::uword&) const [with elem_type = double; derived = arma::subview<double>; arma::uword = unsigned int]’ is deprecated: use .index_max() instead [-Wdeprecated-declarations]
See ‘/home/hornik/tmp/R.check/r-release-gcc/Work/PKGS/rpm.Rcheck/00install.out’ for details.
* used C++ compiler: ‘g++-14 (Debian 14.3.0-8) 14.3.0’
Flavor: r-release-linux-x86_64
Version: 0.7-3
Check: whether package can be installed
Result: WARN
Found the following significant warnings:
rowwise_imax_idx.cpp:17:21: warning: 'elem_type arma::Base<elem_type, derived>::max(arma::uword&) const [with elem_type = int; derived = arma::subview<int>; arma::uword = unsigned int]' is deprecated: use .index_max() instead [-Wdeprecated-declarations]
rowwise_max_idx.cpp:17:21: warning: 'elem_type arma::Base<elem_type, derived>::max(arma::uword&) const [with elem_type = double; derived = arma::subview<double>; arma::uword = unsigned int]' is deprecated: use .index_max() instead [-Wdeprecated-declarations]
See 'd:/Rcompile/CRANpkg/local/4.5/rpm.Rcheck/00install.out' for details.
* used C++ compiler: 'g++.exe (GCC) 14.2.0'
Flavor: r-release-windows-x86_64
Version: 0.7-4
Check: installed package size
Result: NOTE
installed size is 5.8Mb
sub-directories of 1Mb or more:
libs 5.2Mb
Flavors: r-oldrel-macos-arm64, r-oldrel-macos-x86_64
These binaries (installable software) and packages are in development.
They may not be fully stable and should be used with caution. We make no claims about them.