Last updated on 2025-05-21 21:49:29 CEST.
Flavor | Version | Tinstall | Tcheck | Ttotal | Status | Flags |
---|---|---|---|---|---|---|
r-devel-linux-x86_64-debian-clang | 0.7-3 | 184.38 | 140.02 | 324.40 | OK | |
r-devel-linux-x86_64-debian-gcc | 0.7-3 | 120.30 | 93.34 | 213.64 | OK | |
r-devel-linux-x86_64-fedora-clang | 0.7-3 | 634.34 | OK | |||
r-devel-linux-x86_64-fedora-gcc | 0.7-3 | 596.66 | OK | |||
r-devel-windows-x86_64 | 0.7-3 | 218.00 | 189.00 | 407.00 | OK | |
r-patched-linux-x86_64 | 0.7-3 | 175.32 | 136.53 | 311.85 | OK | |
r-release-linux-x86_64 | 0.7-3 | 175.90 | 134.75 | 310.65 | OK | |
r-release-macos-arm64 | 0.7-3 | 111.00 | OK | |||
r-release-macos-x86_64 | 0.7-3 | 151.00 | OK | |||
r-release-windows-x86_64 | 0.7-3 | 215.00 | 175.00 | 390.00 | OK | |
r-oldrel-macos-arm64 | 0.7-3 | 125.00 | NOTE | |||
r-oldrel-macos-x86_64 | 0.7-3 | 168.00 | NOTE | |||
r-oldrel-windows-x86_64 | 0.7-3 | 241.00 | 221.00 | 462.00 | OK |
Version: 0.7-3
Check: installed package size
Result: NOTE
installed size is 5.3Mb
sub-directories of 1Mb or more:
libs 4.8Mb
Flavors: r-oldrel-macos-arm64, r-oldrel-macos-x86_64
These binaries (installable software) and packages are in development.
They may not be fully stable and should be used with caution. We make no claims about them.