Last updated on 2025-11-27 21:49:59 CET.
| Flavor | Version | Tinstall | Tcheck | Ttotal | Status | Flags |
|---|---|---|---|---|---|---|
| r-devel-linux-x86_64-debian-clang | 0.5.1 | 56.02 | 49.47 | 105.49 | OK | |
| r-devel-linux-x86_64-debian-gcc | 0.5.1 | 44.79 | 36.58 | 81.37 | OK | |
| r-devel-linux-x86_64-fedora-clang | 0.5.1 | 81.00 | 104.65 | 185.65 | OK | |
| r-devel-linux-x86_64-fedora-gcc | 0.5.1 | 100.00 | 97.39 | 197.39 | OK | |
| r-devel-windows-x86_64 | 0.5.1 | 72.00 | 90.00 | 162.00 | OK | |
| r-patched-linux-x86_64 | 0.5.1 | 67.03 | 46.96 | 113.99 | OK | |
| r-release-linux-x86_64 | 0.5.1 | 65.19 | 46.79 | 111.98 | OK | |
| r-release-macos-arm64 | 0.5.1 | OK | ||||
| r-release-macos-x86_64 | 0.5.1 | 36.00 | 49.00 | 85.00 | OK | |
| r-release-windows-x86_64 | 0.5.1 | 67.00 | 98.00 | 165.00 | OK | |
| r-oldrel-macos-arm64 | 0.5.1 | NOTE | ||||
| r-oldrel-macos-x86_64 | 0.5.1 | 22.00 | 45.00 | 67.00 | NOTE | |
| r-oldrel-windows-x86_64 | 0.5.1 | 81.00 | 108.00 | 189.00 | NOTE |
Version: 0.5.1
Check: installed package size
Result: NOTE
installed size is 9.9Mb
sub-directories of 1Mb or more:
data 2.3Mb
libs 6.0Mb
Flavors: r-oldrel-macos-arm64, r-oldrel-macos-x86_64, r-oldrel-windows-x86_64
These binaries (installable software) and packages are in development.
They may not be fully stable and should be used with caution. We make no claims about them.