Last updated on 2025-02-16 08:50:59 CET.
Flavor | Version | Tinstall | Tcheck | Ttotal | Status | Flags |
---|---|---|---|---|---|---|
r-devel-linux-x86_64-debian-clang | 0.1.2 | 3.68 | 46.36 | 50.04 | NOTE | |
r-devel-linux-x86_64-debian-gcc | 0.1.2 | 2.80 | 34.69 | 37.49 | NOTE | |
r-devel-linux-x86_64-fedora-clang | 0.1.2 | 81.79 | OK | |||
r-devel-linux-x86_64-fedora-gcc | 0.1.2 | 90.84 | OK | |||
r-devel-macos-arm64 | 0.1.2 | 36.00 | OK | |||
r-devel-macos-x86_64 | 0.1.2 | 63.00 | OK | |||
r-devel-windows-x86_64 | 0.1.2 | 5.00 | 65.00 | 70.00 | NOTE | |
r-patched-linux-x86_64 | 0.1.2 | 5.73 | 43.38 | 49.11 | NOTE | |
r-release-linux-x86_64 | 0.1.2 | 3.34 | 44.03 | 47.37 | NOTE | |
r-release-macos-arm64 | 0.1.2 | 33.00 | NOTE | |||
r-release-macos-x86_64 | 0.1.2 | 49.00 | NOTE | |||
r-release-windows-x86_64 | 0.1.2 | 6.00 | 71.00 | 77.00 | NOTE | |
r-oldrel-macos-arm64 | 0.1.2 | 34.00 | NOTE | |||
r-oldrel-macos-x86_64 | 0.1.2 | 52.00 | NOTE | |||
r-oldrel-windows-x86_64 | 0.1.2 | 6.00 | 65.00 | 71.00 | NOTE |
Version: 0.1.2
Check: Rd cross-references
Result: NOTE
Found the following Rd file(s) with Rd \link{} targets missing package
anchors:
to_data_frame.Rd: rbind.fill
Please provide package anchors for all Rd \link{} targets not in the
package itself and the base packages.
Flavors: r-devel-linux-x86_64-debian-clang, r-devel-linux-x86_64-debian-gcc, r-devel-windows-x86_64
Version: 0.1.2
Check: LazyData
Result: NOTE
'LazyData' is specified without a 'data' directory
Flavors: r-patched-linux-x86_64, r-release-linux-x86_64, r-release-macos-arm64, r-release-macos-x86_64, r-release-windows-x86_64, r-oldrel-macos-arm64, r-oldrel-macos-x86_64, r-oldrel-windows-x86_64
These binaries (installable software) and packages are in development.
They may not be fully stable and should be used with caution. We make no claims about them.