Last updated on 2025-05-01 15:49:43 CEST.
Flavor | Version | Tinstall | Tcheck | Ttotal | Status | Flags |
---|---|---|---|---|---|---|
r-devel-linux-x86_64-debian-clang | 1.0.0 | 3.35 | 38.66 | 42.01 | NOTE | |
r-devel-linux-x86_64-debian-gcc | 1.0.0 | 2.55 | 28.68 | 31.23 | NOTE | |
r-devel-linux-x86_64-fedora-clang | 1.0.0 | 65.11 | NOTE | |||
r-devel-linux-x86_64-fedora-gcc | 1.0.0 | 74.82 | NOTE | |||
r-devel-windows-x86_64 | 1.0.0 | 5.00 | 59.00 | 64.00 | NOTE | |
r-patched-linux-x86_64 | 1.0.0 | 3.83 | 35.00 | 38.83 | NOTE | |
r-release-linux-x86_64 | NOTE | |||||
r-release-macos-arm64 | 1.0.0 | 28.00 | NOTE | |||
r-release-macos-x86_64 | 1.0.0 | 45.00 | NOTE | |||
r-release-windows-x86_64 | 1.0.0 | 5.00 | 64.00 | 69.00 | NOTE | |
r-oldrel-macos-arm64 | 1.0.0 | 30.00 | NOTE | |||
r-oldrel-macos-x86_64 | 1.0.0 | 41.00 | NOTE | |||
r-oldrel-windows-x86_64 | 1.0.0 | 6.00 | 63.00 | 69.00 | NOTE |
Version: 1.0.0
Check: CRAN incoming feasibility
Result: NOTE
Maintainer: ‘Miguel Conde <miguelco2000@gmail.com>’
No Authors@R field in DESCRIPTION.
Please add one, modifying
Authors@R: person(given = "Miguel",
family = "Conde",
role = c("aut", "cre"),
email = "miguelco2000@gmail.com")
as necessary.
Flavors: r-devel-linux-x86_64-debian-clang, r-devel-linux-x86_64-debian-gcc
Version: 1.0.0
Check: Rd files
Result: NOTE
checkRd: (-1) check_node.Rd:11: Lost braces
11 | \item{x}{\\code{list}, the node to check}
| ^
Flavors: r-devel-linux-x86_64-debian-clang, r-devel-linux-x86_64-debian-gcc, r-devel-linux-x86_64-fedora-clang, r-devel-linux-x86_64-fedora-gcc, r-devel-windows-x86_64, r-patched-linux-x86_64, r-release-linux-x86_64, r-release-macos-arm64, r-release-macos-x86_64, r-release-windows-x86_64, r-oldrel-macos-arm64, r-oldrel-macos-x86_64, r-oldrel-windows-x86_64
These binaries (installable software) and packages are in development.
They may not be fully stable and should be used with caution. We make no claims about them.