Last updated on 2025-07-04 11:50:37 CEST.
Flavor | Version | Tinstall | Tcheck | Ttotal | Status | Flags |
---|---|---|---|---|---|---|
r-devel-linux-x86_64-debian-clang | 1.1.1 | 12.87 | 96.08 | 108.95 | NOTE | |
r-devel-linux-x86_64-debian-gcc | 1.1.1 | 8.10 | 68.52 | 76.62 | NOTE | |
r-devel-linux-x86_64-fedora-clang | 1.1.1 | 453.68 | NOTE | |||
r-devel-linux-x86_64-fedora-gcc | 1.1.1 | 473.58 | NOTE | |||
r-devel-windows-x86_64 | 1.1.1 | 14.00 | 112.00 | 126.00 | NOTE | |
r-patched-linux-x86_64 | 1.1.1 | 11.48 | 89.86 | 101.34 | NOTE | |
r-release-linux-x86_64 | 1.1.1 | 9.36 | 89.43 | 98.79 | NOTE | |
r-release-macos-arm64 | 1.1.1 | 72.00 | NOTE | |||
r-release-macos-x86_64 | 1.1.1 | 175.00 | NOTE | |||
r-release-windows-x86_64 | 1.1.1 | 14.00 | 113.00 | 127.00 | NOTE | |
r-oldrel-macos-arm64 | 1.1.1 | 51.00 | NOTE | |||
r-oldrel-macos-x86_64 | 1.1.1 | 68.00 | NOTE | |||
r-oldrel-windows-x86_64 | 1.1.1 | 20.00 | 141.00 | 161.00 | NOTE |
Version: 1.1.1
Check: Rd files
Result: NOTE
checkRd: (-1) R2_lik.Rd:37: Lost braces; missing escapes or markup?
37 | \code{R2_lik()} is also computed for LMMs and GLMMs in the {MuMIn} package.
| ^
checkRd: (-1) R2_pred.Rd:32: Lost braces; missing escapes or markup?
32 | Note that the version of \code{binaryPGLMM()} in the package ape is replaced by a version contained within {rr2} that outputs all of the required information for the calculation of R2_resid.
| ^
checkRd: (-1) R2_resid.Rd:69: Lost braces; missing escapes or markup?
69 | Note that the version of \code{binaryPGLMM()} in the package ape is replaced by a version contained within {rr2} that outputs all of the required information for the calculation of \code{R2_resid()}
| ^
Flavors: r-devel-linux-x86_64-debian-clang, r-devel-linux-x86_64-debian-gcc, r-devel-linux-x86_64-fedora-clang, r-devel-linux-x86_64-fedora-gcc, r-devel-windows-x86_64, r-patched-linux-x86_64, r-release-linux-x86_64, r-release-macos-arm64, r-release-macos-x86_64, r-release-windows-x86_64, r-oldrel-macos-arm64, r-oldrel-macos-x86_64, r-oldrel-windows-x86_64
These binaries (installable software) and packages are in development.
They may not be fully stable and should be used with caution. We make no claims about them.