Last updated on 2025-02-16 08:50:59 CET.
Flavor | Version | Tinstall | Tcheck | Ttotal | Status | Flags |
---|---|---|---|---|---|---|
r-devel-linux-x86_64-debian-clang | 1.1.1 | 12.28 | 95.35 | 107.63 | NOTE | |
r-devel-linux-x86_64-debian-gcc | 1.1.1 | 8.34 | 65.63 | 73.97 | NOTE | |
r-devel-linux-x86_64-fedora-clang | 1.1.1 | 460.13 | NOTE | |||
r-devel-linux-x86_64-fedora-gcc | 1.1.1 | 458.22 | NOTE | |||
r-devel-macos-arm64 | 1.1.1 | 51.00 | NOTE | |||
r-devel-macos-x86_64 | 1.1.1 | 175.00 | NOTE | |||
r-devel-windows-x86_64 | 1.1.1 | 51.00 | 436.00 | 487.00 | NOTE | |
r-patched-linux-x86_64 | 1.1.1 | 12.07 | 89.04 | 101.11 | NOTE | |
r-release-linux-x86_64 | 1.1.1 | 10.85 | 89.13 | 99.98 | NOTE | |
r-release-macos-arm64 | 1.1.1 | 51.00 | NOTE | |||
r-release-macos-x86_64 | 1.1.1 | 68.00 | NOTE | |||
r-release-windows-x86_64 | 1.1.1 | 48.00 | 439.00 | 487.00 | NOTE | |
r-oldrel-macos-arm64 | 1.1.1 | 61.00 | OK | |||
r-oldrel-macos-x86_64 | 1.1.1 | 101.00 | OK | |||
r-oldrel-windows-x86_64 | 1.1.1 | 17.00 | 116.00 | 133.00 | OK |
Version: 1.1.1
Check: Rd files
Result: NOTE
checkRd: (-1) R2_lik.Rd:37: Lost braces; missing escapes or markup?
37 | \code{R2_lik()} is also computed for LMMs and GLMMs in the {MuMIn} package.
| ^
checkRd: (-1) R2_pred.Rd:32: Lost braces; missing escapes or markup?
32 | Note that the version of \code{binaryPGLMM()} in the package ape is replaced by a version contained within {rr2} that outputs all of the required information for the calculation of R2_resid.
| ^
checkRd: (-1) R2_resid.Rd:69: Lost braces; missing escapes or markup?
69 | Note that the version of \code{binaryPGLMM()} in the package ape is replaced by a version contained within {rr2} that outputs all of the required information for the calculation of \code{R2_resid()}
| ^
Flavors: r-devel-linux-x86_64-debian-clang, r-devel-linux-x86_64-debian-gcc, r-devel-linux-x86_64-fedora-clang, r-devel-linux-x86_64-fedora-gcc, r-devel-macos-arm64, r-devel-macos-x86_64, r-devel-windows-x86_64, r-patched-linux-x86_64, r-release-linux-x86_64, r-release-macos-arm64, r-release-macos-x86_64, r-release-windows-x86_64
These binaries (installable software) and packages are in development.
They may not be fully stable and should be used with caution. We make no claims about them.