Last updated on 2025-10-23 17:51:00 CEST.
Flavor | Version | Tinstall | Tcheck | Ttotal | Status | Flags |
---|---|---|---|---|---|---|
r-devel-linux-x86_64-debian-clang | 0.1-2 | 22.43 | 817.30 | 839.73 | NOTE | |
r-devel-linux-x86_64-debian-gcc | 0.1-2 | 12.65 | 420.41 | 433.06 | OK | |
r-devel-linux-x86_64-fedora-clang | 0.1-2 | 44.00 | 1413.23 | 1457.23 | OK | |
r-devel-linux-x86_64-fedora-gcc | 0.1-2 | 35.00 | 1323.97 | 1358.97 | OK | |
r-devel-windows-x86_64 | 0.1-2 | 26.00 | 716.00 | 742.00 | OK | |
r-patched-linux-x86_64 | 0.1-2 | 20.84 | 756.10 | 776.94 | OK | |
r-release-linux-x86_64 | 0.1-2 | 19.92 | 763.24 | 783.16 | OK | |
r-release-macos-arm64 | 0.1-2 | 9.00 | 314.00 | 323.00 | OK | |
r-release-macos-x86_64 | 0.1-2 | 14.00 | 763.00 | 777.00 | OK | |
r-release-windows-x86_64 | 0.1-2 | 27.00 | 721.00 | 748.00 | OK | |
r-oldrel-macos-arm64 | 0.1-2 | 9.00 | 295.00 | 304.00 | OK | |
r-oldrel-macos-x86_64 | 0.1-2 | 12.00 | 628.00 | 640.00 | OK | |
r-oldrel-windows-x86_64 | 0.1-2 | 31.00 | 1033.00 | 1064.00 | OK |
Version: 0.1-2
Check: HTML version of manual
Result: NOTE
Found the following HTML validation problems:
plot.html:146:1 (plot.Rd:76): Warning: missing </ul> before </div>
summary.html:64:1 (summary.Rd:24): Warning: missing </ul> before </div>
Flavor: r-devel-linux-x86_64-debian-clang
These binaries (installable software) and packages are in development.
They may not be fully stable and should be used with caution. We make no claims about them.