CRAN Package Check Results for Package rrapply

Last updated on 2025-02-16 08:50:59 CET.

Flavor Version Tinstall Tcheck Ttotal Status Flags
r-devel-linux-x86_64-debian-clang 1.2.7 3.60 22.57 26.17 NOTE
r-devel-linux-x86_64-debian-gcc 1.2.7 3.23 18.23 21.46 NOTE
r-devel-linux-x86_64-fedora-clang 1.2.7 43.44 NOTE
r-devel-linux-x86_64-fedora-gcc 1.2.7 54.54 NOTE
r-devel-macos-arm64 1.2.7 25.00 NOTE
r-devel-macos-x86_64 1.2.7 53.00 NOTE
r-devel-windows-x86_64 1.2.7 13.00 63.00 76.00 NOTE
r-patched-linux-x86_64 1.2.7 4.27 21.63 25.90 OK
r-release-linux-x86_64 1.2.7 3.66 22.06 25.72 OK
r-release-macos-arm64 1.2.7 30.00 OK
r-release-macos-x86_64 1.2.7 93.00 OK
r-release-windows-x86_64 1.2.7 8.00 52.00 60.00 OK
r-oldrel-macos-arm64 1.2.7 51.00 OK
r-oldrel-macos-x86_64 1.2.7 99.00 OK
r-oldrel-windows-x86_64 1.2.7 10.00 52.00 62.00 OK

Check Details

Version: 1.2.7
Check: compiled code
Result: NOTE File ‘rrapply/libs/rrapply.so’: Found non-API call to R: ‘Rf_isValidString’ Compiled code should not call non-API entry points in R. See ‘Writing portable packages’ in the ‘Writing R Extensions’ manual, and section ‘Moving into C API compliance’ for issues with the use of non-API entry points. Flavors: r-devel-linux-x86_64-debian-clang, r-devel-linux-x86_64-debian-gcc, r-devel-linux-x86_64-fedora-clang, r-devel-linux-x86_64-fedora-gcc, r-devel-macos-arm64, r-devel-macos-x86_64

Version: 1.2.7
Check: compiled code
Result: NOTE File 'rrapply/libs/x64/rrapply.dll': Found non-API call to R: 'Rf_isValidString' Compiled code should not call non-API entry points in R. See 'Writing portable packages' in the 'Writing R Extensions' manual, and section 'Moving into C API compliance' for issues with the use of non-API entry points. Flavor: r-devel-windows-x86_64

These binaries (installable software) and packages are in development.
They may not be fully stable and should be used with caution. We make no claims about them.