Last updated on 2025-05-22 06:51:57 CEST.
Flavor | Version | Tinstall | Tcheck | Ttotal | Status | Flags |
---|---|---|---|---|---|---|
r-devel-linux-x86_64-debian-clang | 1.0.0 | 6.93 | 56.79 | 63.72 | NOTE | |
r-devel-linux-x86_64-debian-gcc | 1.0.0 | 5.76 | 43.25 | 49.01 | NOTE | |
r-devel-linux-x86_64-fedora-clang | 1.0.0 | 96.83 | OK | |||
r-devel-linux-x86_64-fedora-gcc | 1.0.0 | 92.38 | OK | |||
r-devel-windows-x86_64 | 1.0.0 | 8.00 | 87.00 | 95.00 | OK | |
r-patched-linux-x86_64 | 1.0.0 | 5.97 | 54.10 | 60.07 | OK | |
r-release-linux-x86_64 | 1.0.0 | 6.32 | 54.27 | 60.59 | OK | |
r-release-macos-arm64 | 1.0.0 | 31.00 | OK | |||
r-release-macos-x86_64 | 1.0.0 | 60.00 | OK | |||
r-release-windows-x86_64 | 1.0.0 | 8.00 | 88.00 | 96.00 | OK | |
r-oldrel-macos-arm64 | 1.0.0 | 30.00 | OK | |||
r-oldrel-macos-x86_64 | 1.0.0 | 43.00 | OK | |||
r-oldrel-windows-x86_64 | 1.0.0 | 10.00 | 82.00 | 92.00 | OK |
Version: 1.0.0
Check: CRAN incoming feasibility
Result: NOTE
Maintainer: ‘Yi He <yi.he@stats.oxon.org>’
No Authors@R field in DESCRIPTION.
Please add one, modifying
Authors@R: c(person(given = "Yi",
family = "He",
role = c("aut", "cre"),
email = "yi.he@stats.oxon.org"),
person(given = "Yuelin",
family = "Zhao",
role = "aut"))
as necessary.
Flavors: r-devel-linux-x86_64-debian-clang, r-devel-linux-x86_64-debian-gcc
These binaries (installable software) and packages are in development.
They may not be fully stable and should be used with caution. We make no claims about them.