Last updated on 2025-11-11 15:50:46 CET.
| Flavor | Version | Tinstall | Tcheck | Ttotal | Status | Flags |
|---|---|---|---|---|---|---|
| r-devel-linux-x86_64-debian-clang | 1.0.0 | 6.36 | 57.87 | 64.23 | NOTE | |
| r-devel-linux-x86_64-debian-gcc | 1.0.0 | 4.97 | 43.53 | 48.50 | NOTE | |
| r-devel-linux-x86_64-fedora-clang | 1.0.0 | 15.00 | 82.26 | 97.26 | OK | |
| r-devel-linux-x86_64-fedora-gcc | 1.0.0 | 51.00 | 52.57 | 103.57 | OK | |
| r-devel-windows-x86_64 | 1.0.0 | 8.00 | 66.00 | 74.00 | OK | |
| r-patched-linux-x86_64 | 1.0.0 | 6.75 | 55.48 | 62.23 | OK | |
| r-release-linux-x86_64 | 1.0.0 | 6.86 | 55.13 | 61.99 | OK | |
| r-release-macos-arm64 | 1.0.0 | 3.00 | 28.00 | 31.00 | OK | |
| r-release-macos-x86_64 | 1.0.0 | 7.00 | 53.00 | 60.00 | OK | |
| r-release-windows-x86_64 | 1.0.0 | 8.00 | 64.00 | 72.00 | OK | |
| r-oldrel-macos-arm64 | 1.0.0 | 3.00 | 27.00 | 30.00 | OK | |
| r-oldrel-macos-x86_64 | 1.0.0 | 4.00 | 39.00 | 43.00 | OK | |
| r-oldrel-windows-x86_64 | 1.0.0 | 11.00 | 76.00 | 87.00 | OK |
Version: 1.0.0
Check: CRAN incoming feasibility
Result: NOTE
Maintainer: ‘Yi He <yi.he@stats.oxon.org>’
No Authors@R field in DESCRIPTION.
Please add one, modifying
Authors@R: c(person(given = "Yi",
family = "He",
role = c("aut", "cre"),
email = "yi.he@stats.oxon.org"),
person(given = "Yuelin",
family = "Zhao",
role = "aut"))
as necessary.
Flavors: r-devel-linux-x86_64-debian-clang, r-devel-linux-x86_64-debian-gcc
These binaries (installable software) and packages are in development.
They may not be fully stable and should be used with caution. We make no claims about them.