CRAN Package Check Results for Package rrda

Last updated on 2025-05-01 14:49:21 CEST.

Flavor Version Tinstall Tcheck Ttotal Status Flags
r-devel-linux-x86_64-debian-gcc 0.1.1 7.51 92.36 99.87 OK
r-devel-linux-x86_64-fedora-clang 0.1.1 237.55 OK
r-devel-linux-x86_64-fedora-gcc 0.1.1 218.73 OK
r-devel-windows-x86_64 0.1.1 14.00 147.00 161.00 OK
r-release-linux-x86_64 OK
r-release-macos-arm64 0.1.1 57.00 OK
r-release-macos-x86_64 0.1.1 131.00 OK
r-release-windows-x86_64 0.1.1 14.00 151.00 165.00 OK
r-oldrel-macos-arm64 0.1.1 61.00 OK
r-oldrel-macos-x86_64 0.1.1 120.00 OK

Check Details

Version: 0.1.1
Check: examples
Result: NA user system elapsed rrda.cv 4.941 0.108 6.435 rrda.plot 4.188 0.080 5.354 OK Flavor: r-devel-linux-x86_64-debian-gcc

These binaries (installable software) and packages are in development.
They may not be fully stable and should be used with caution. We make no claims about them.