Last updated on 2025-02-16 08:50:59 CET.
Flavor | Version | Tinstall | Tcheck | Ttotal | Status | Flags |
---|---|---|---|---|---|---|
r-devel-linux-x86_64-debian-clang | 1.0.0 | 4.57 | 53.74 | 58.31 | OK | |
r-devel-linux-x86_64-debian-gcc | 1.0.0 | 2.96 | 40.02 | 42.98 | OK | |
r-devel-linux-x86_64-fedora-clang | 1.0.0 | 90.24 | OK | |||
r-devel-linux-x86_64-fedora-gcc | 1.0.0 | 100.29 | OK | |||
r-devel-macos-arm64 | 1.0.0 | 45.00 | OK | |||
r-devel-macos-x86_64 | 1.0.0 | 77.00 | OK | |||
r-devel-windows-x86_64 | 1.0.0 | 5.00 | 80.00 | 85.00 | OK | |
r-patched-linux-x86_64 | 1.0.0 | 4.73 | 50.22 | 54.95 | OK | |
r-release-linux-x86_64 | 1.0.0 | 3.86 | 49.92 | 53.78 | OK | |
r-release-macos-arm64 | 1.0.0 | 39.00 | OK | |||
r-release-macos-x86_64 | 1.0.0 | 76.00 | OK | |||
r-release-windows-x86_64 | 1.0.0 | 7.00 | 79.00 | 86.00 | OK | |
r-oldrel-macos-arm64 | 0.7.1 | 20.00 | OK | |||
r-oldrel-macos-x86_64 | 1.0.0 | 65.00 | OK | |||
r-oldrel-windows-x86_64 | 1.0.0 | 6.00 | 109.00 | 115.00 | ERROR |
Version: 1.0.0
Check: re-building of vignette outputs
Result: ERROR
Error(s) in re-building vignettes:
--- re-building 'benchmarks.Rmd' using rmarkdown
--- finished re-building 'benchmarks.Rmd'
--- re-building 'research_workflows.Rmd' using rmarkdown
File figure/unnamed-chunk-7-1.png not found in resource path
Error: processing vignette 'research_workflows.Rmd' failed with diagnostics:
pandoc document conversion failed with error 99
--- failed re-building 'research_workflows.Rmd'
--- re-building 'rredlist.Rmd' using rmarkdown
--- finished re-building 'rredlist.Rmd'
SUMMARY: processing the following file failed:
'research_workflows.Rmd'
Error: Vignette re-building failed.
Execution halted
Flavor: r-oldrel-windows-x86_64
These binaries (installable software) and packages are in development.
They may not be fully stable and should be used with caution. We make no claims about them.