Last updated on 2025-05-02 02:51:06 CEST.
Flavor | Version | Tinstall | Tcheck | Ttotal | Status | Flags |
---|---|---|---|---|---|---|
r-devel-linux-x86_64-debian-clang | 1.0.0 | 4.51 | 56.56 | 61.07 | OK | |
r-devel-linux-x86_64-debian-gcc | 1.0.0 | 2.78 | 41.52 | 44.30 | OK | |
r-devel-linux-x86_64-fedora-clang | 1.0.0 | 89.78 | OK | |||
r-devel-linux-x86_64-fedora-gcc | 1.0.0 | 99.83 | OK | |||
r-devel-windows-x86_64 | 1.0.0 | 6.00 | 83.00 | 89.00 | OK | |
r-patched-linux-x86_64 | 1.0.0 | 4.98 | 51.63 | 56.61 | OK | |
r-release-linux-x86_64 | OK | |||||
r-release-macos-arm64 | 1.0.0 | 42.00 | OK | |||
r-release-macos-x86_64 | 1.0.0 | 69.00 | OK | |||
r-release-windows-x86_64 | 1.0.0 | 6.00 | 96.00 | 102.00 | OK | |
r-oldrel-macos-arm64 | 1.0.0 | 39.00 | OK | |||
r-oldrel-macos-x86_64 | 1.0.0 | 76.00 | OK | |||
r-oldrel-windows-x86_64 | 1.0.0 | 6.00 | 92.00 | 98.00 | ERROR |
Version: 1.0.0
Check: re-building of vignette outputs
Result: ERROR
Error(s) in re-building vignettes:
--- re-building 'benchmarks.Rmd' using rmarkdown
--- finished re-building 'benchmarks.Rmd'
--- re-building 'research_workflows.Rmd' using rmarkdown
File figure/unnamed-chunk-7-1.png not found in resource path
Error: processing vignette 'research_workflows.Rmd' failed with diagnostics:
pandoc document conversion failed with error 99
--- failed re-building 'research_workflows.Rmd'
--- re-building 'rredlist.Rmd' using rmarkdown
--- finished re-building 'rredlist.Rmd'
SUMMARY: processing the following file failed:
'research_workflows.Rmd'
Error: Vignette re-building failed.
Execution halted
Flavor: r-oldrel-windows-x86_64
These binaries (installable software) and packages are in development.
They may not be fully stable and should be used with caution. We make no claims about them.