CRAN Package Check Results for Package rrefine

Last updated on 2025-05-08 04:52:17 CEST.

Flavor Version Tinstall Tcheck Ttotal Status Flags
r-devel-linux-x86_64-debian-clang 2.1.0 2.21 24.92 27.13 NOTE
r-devel-linux-x86_64-debian-gcc 2.1.0 1.59 20.48 22.07 NOTE
r-devel-linux-x86_64-fedora-clang 2.1.0 43.90 NOTE
r-devel-linux-x86_64-fedora-gcc 2.1.0 58.55 NOTE
r-devel-windows-x86_64 2.1.0 3.00 48.00 51.00 NOTE
r-patched-linux-x86_64 2.1.0 1.49 24.22 25.71 NOTE
r-release-linux-x86_64 2.1.0 2.08 24.19 26.27 NOTE
r-release-macos-arm64 2.1.0 31.00 NOTE
r-release-macos-x86_64 2.1.0 126.00 NOTE
r-release-windows-x86_64 2.1.0 5.00 52.00 57.00 NOTE
r-oldrel-macos-arm64 2.1.0 29.00 NOTE
r-oldrel-macos-x86_64 2.1.0 36.00 NOTE
r-oldrel-windows-x86_64 2.1.0 4.00 53.00 57.00 NOTE

Check Details

Version: 2.1.0
Check: Rd files
Result: NOTE checkRd: (-1) lateformeeting.Rd:10: Lost braces in \itemize; meant \describe ? checkRd: (-1) lateformeeting.Rd:11: Lost braces in \itemize; meant \describe ? checkRd: (-1) lateformeeting.Rd:12: Lost braces in \itemize; meant \describe ? checkRd: (-1) lateformeeting.Rd:13: Lost braces in \itemize; meant \describe ? checkRd: (-1) lfm_clean.Rd:10: Lost braces in \itemize; meant \describe ? checkRd: (-1) lfm_clean.Rd:11: Lost braces in \itemize; meant \describe ? checkRd: (-1) lfm_clean.Rd:12: Lost braces in \itemize; meant \describe ? checkRd: (-1) lfm_clean.Rd:13: Lost braces in \itemize; meant \describe ? Flavors: r-devel-linux-x86_64-debian-clang, r-devel-linux-x86_64-debian-gcc, r-devel-linux-x86_64-fedora-clang, r-devel-linux-x86_64-fedora-gcc, r-devel-windows-x86_64, r-patched-linux-x86_64, r-release-linux-x86_64, r-release-macos-arm64, r-release-macos-x86_64, r-release-windows-x86_64, r-oldrel-macos-arm64, r-oldrel-macos-x86_64, r-oldrel-windows-x86_64

These binaries (installable software) and packages are in development.
They may not be fully stable and should be used with caution. We make no claims about them.