Last updated on 2025-02-16 08:50:59 CET.
Flavor | Version | Tinstall | Tcheck | Ttotal | Status | Flags |
---|---|---|---|---|---|---|
r-devel-linux-x86_64-debian-clang | 0.1.1 | 3.01 | 21.52 | 24.53 | NOTE | |
r-devel-linux-x86_64-debian-gcc | 0.1.1 | 2.36 | 17.36 | 19.72 | NOTE | |
r-devel-linux-x86_64-fedora-clang | 0.1.1 | 39.47 | NOTE | |||
r-devel-linux-x86_64-fedora-gcc | 0.1.1 | 37.83 | NOTE | |||
r-devel-macos-arm64 | 0.1.1 | 18.00 | OK | |||
r-devel-macos-x86_64 | 0.1.1 | 28.00 | NOTE | |||
r-devel-windows-x86_64 | 0.1.1 | 7.00 | 50.00 | 57.00 | NOTE | |
r-patched-linux-x86_64 | 0.1.1 | 2.78 | 20.63 | 23.41 | OK | |
r-release-linux-x86_64 | 0.1.1 | 2.93 | 20.51 | 23.44 | OK | |
r-release-macos-arm64 | 0.1.1 | 18.00 | OK | |||
r-release-macos-x86_64 | 0.1.1 | 26.00 | OK | |||
r-release-windows-x86_64 | 0.1.1 | 7.00 | 57.00 | 64.00 | OK | |
r-oldrel-macos-arm64 | 0.1.1 | 19.00 | OK | |||
r-oldrel-macos-x86_64 | 0.1.1 | 29.00 | OK | |||
r-oldrel-windows-x86_64 | 0.1.1 | 8.00 | 47.00 | 55.00 | OK |
Version: 0.1.1
Check: DESCRIPTION meta-information
Result: NOTE
Missing dependency on R >= 4.1.0 because package code uses the pipe
|> or function shorthand \(...) syntax added in R 4.1.0.
File(s) using such syntax:
‘sort_tips.r’ ‘tips.r’ ‘validate_rankedPhylo.r’
Flavors: r-devel-linux-x86_64-debian-clang, r-devel-linux-x86_64-debian-gcc, r-devel-linux-x86_64-fedora-clang, r-devel-linux-x86_64-fedora-gcc, r-devel-macos-x86_64, r-devel-windows-x86_64
These binaries (installable software) and packages are in development.
They may not be fully stable and should be used with caution. We make no claims about them.