Last updated on 2025-10-23 23:49:43 CEST.
| Flavor | Version | Tinstall | Tcheck | Ttotal | Status | Flags |
|---|---|---|---|---|---|---|
| r-devel-linux-x86_64-debian-clang | 0.1.1 | 3.17 | 23.80 | 26.97 | NOTE | |
| r-devel-linux-x86_64-debian-gcc | 0.1.1 | 2.45 | 19.09 | 21.54 | NOTE | |
| r-devel-linux-x86_64-fedora-clang | 0.1.1 | 39.00 | NOTE | |||
| r-devel-linux-x86_64-fedora-gcc | 0.1.1 | 37.18 | NOTE | |||
| r-devel-windows-x86_64 | 0.1.1 | 7.00 | 45.00 | 52.00 | NOTE | |
| r-patched-linux-x86_64 | 0.1.1 | 3.02 | 22.44 | 25.46 | NOTE | |
| r-release-linux-x86_64 | 0.1.1 | 2.58 | 22.35 | 24.93 | NOTE | |
| r-release-macos-arm64 | 0.1.1 | 3.00 | 17.00 | 20.00 | NOTE | |
| r-release-macos-x86_64 | 0.1.1 | 4.00 | 25.00 | 29.00 | NOTE | |
| r-release-windows-x86_64 | 0.1.1 | 8.00 | 47.00 | 55.00 | NOTE | |
| r-oldrel-macos-arm64 | 0.1.1 | 3.00 | 15.00 | 18.00 | OK | |
| r-oldrel-macos-x86_64 | 0.1.1 | 3.00 | 23.00 | 26.00 | OK | |
| r-oldrel-windows-x86_64 | 0.1.1 | 8.00 | 50.00 | 58.00 | OK |
Version: 0.1.1
Check: DESCRIPTION meta-information
Result: NOTE
Missing dependency on R >= 4.1.0 because package code uses the pipe
|> or function shorthand \(...) syntax added in R 4.1.0.
File(s) using such syntax:
‘sort_tips.Rd’ ‘sort_tips.r’ ‘tips.r’ ‘validate_rankedPhylo.r’
Flavors: r-devel-linux-x86_64-debian-clang, r-devel-linux-x86_64-debian-gcc, r-devel-linux-x86_64-fedora-clang, r-devel-linux-x86_64-fedora-gcc, r-devel-windows-x86_64, r-patched-linux-x86_64, r-release-linux-x86_64, r-release-macos-arm64, r-release-macos-x86_64, r-release-windows-x86_64
These binaries (installable software) and packages are in development.
They may not be fully stable and should be used with caution. We make no claims about them.