CRAN Package Check Results for Package rroad

Last updated on 2025-07-24 03:50:11 CEST.

Flavor Version Tinstall Tcheck Ttotal Status Flags
r-devel-linux-x86_64-debian-clang 0.0.5 1.46 21.61 23.07 OK
r-devel-linux-x86_64-debian-gcc 0.0.5 1.34 18.22 19.56 OK
r-devel-linux-x86_64-fedora-clang 0.0.5 37.40 OK
r-devel-linux-x86_64-fedora-gcc 0.0.5 59.75 OK
r-devel-windows-x86_64 0.0.5 3.00 42.00 45.00 OK
r-patched-linux-x86_64 0.0.5 1.82 20.35 22.17 OK
r-release-linux-x86_64 0.0.5 1.58 20.18 21.76 OK
r-release-macos-arm64 0.0.5 38.00 OK
r-release-macos-x86_64 0.0.5 69.00 OK
r-release-windows-x86_64 0.0.5 3.00 43.00 46.00 OK
r-oldrel-macos-arm64 0.0.5 24.00 NOTE
r-oldrel-macos-x86_64 0.0.5 41.00 NOTE
r-oldrel-windows-x86_64 0.0.5 4.00 47.00 51.00 NOTE

Check Details

Version: 0.0.5
Check: LazyData
Result: NOTE 'LazyData' is specified without a 'data' directory Flavors: r-oldrel-macos-arm64, r-oldrel-macos-x86_64, r-oldrel-windows-x86_64

These binaries (installable software) and packages are in development.
They may not be fully stable and should be used with caution. We make no claims about them.