Last updated on 2025-05-01 22:49:55 CEST.
Flavor | Version | Tinstall | Tcheck | Ttotal | Status | Flags |
---|---|---|---|---|---|---|
r-devel-linux-x86_64-debian-clang | 0.1-13 | 78.25 | 100.66 | 178.91 | NOTE | |
r-devel-linux-x86_64-debian-gcc | 0.1-13 | 55.38 | 71.75 | 127.13 | NOTE | |
r-devel-linux-x86_64-fedora-clang | 0.1-13 | 300.76 | NOTE | |||
r-devel-linux-x86_64-fedora-gcc | 0.1-13 | 287.63 | NOTE | |||
r-devel-windows-x86_64 | 0.1-13 | 90.00 | 120.00 | 210.00 | NOTE | |
r-patched-linux-x86_64 | 0.1-13 | 78.97 | 95.37 | 174.34 | NOTE | |
r-release-linux-x86_64 | NOTE | |||||
r-release-macos-arm64 | 0.1-13 | 73.00 | NOTE | |||
r-release-macos-x86_64 | 0.1-13 | 120.00 | NOTE | |||
r-release-windows-x86_64 | 0.1-13 | 90.00 | 132.00 | 222.00 | NOTE | |
r-oldrel-macos-arm64 | 0.1-13 | 68.00 | NOTE | |||
r-oldrel-macos-x86_64 | 0.1-13 | 104.00 | NOTE | |||
r-oldrel-windows-x86_64 | 0.1-13 | 103.00 | 157.00 | 260.00 | NOTE |
Version: 0.1-13
Check: C++ specification
Result: NOTE
Specified C++11: please drop specification unless essential
Flavors: r-devel-linux-x86_64-debian-clang, r-devel-linux-x86_64-debian-gcc, r-devel-linux-x86_64-fedora-clang, r-devel-linux-x86_64-fedora-gcc, r-devel-windows-x86_64, r-patched-linux-x86_64, r-release-linux-x86_64, r-release-macos-arm64, r-release-macos-x86_64, r-release-windows-x86_64, r-oldrel-macos-arm64, r-oldrel-macos-x86_64, r-oldrel-windows-x86_64
Version: 0.1-13
Check: Rd files
Result: NOTE
checkRd: (-1) mrrr.Rd:67: Lost braces in \itemize; meant \describe ?
checkRd: (-1) mrrr.Rd:68: Lost braces in \itemize; meant \describe ?
checkRd: (-1) mrrr.Rd:69-70: Lost braces in \itemize; meant \describe ?
checkRd: (-1) mrrr.Rd:71-72: Lost braces in \itemize; meant \describe ?
checkRd: (-1) mrrr.Rd:73: Lost braces in \itemize; meant \describe ?
checkRd: (-1) mrrr.Rd:74: Lost braces in \itemize; meant \describe ?
Flavors: r-devel-linux-x86_64-debian-clang, r-devel-linux-x86_64-debian-gcc, r-devel-linux-x86_64-fedora-clang, r-devel-linux-x86_64-fedora-gcc, r-devel-windows-x86_64, r-patched-linux-x86_64, r-release-linux-x86_64, r-release-macos-arm64, r-release-macos-x86_64, r-release-windows-x86_64, r-oldrel-macos-arm64, r-oldrel-macos-x86_64, r-oldrel-windows-x86_64
These binaries (installable software) and packages are in development.
They may not be fully stable and should be used with caution. We make no claims about them.