Last updated on 2025-10-03 05:53:50 CEST.
Flavor | Version | Tinstall | Tcheck | Ttotal | Status | Flags |
---|---|---|---|---|---|---|
r-devel-linux-x86_64-debian-clang | 1.0.0 | 8.72 | 108.36 | 117.08 | OK | |
r-devel-linux-x86_64-debian-gcc | 1.0.0 | 5.73 | 75.08 | 80.81 | OK | |
r-devel-linux-x86_64-fedora-clang | 1.0.0 | 183.28 | NOTE | |||
r-devel-linux-x86_64-fedora-gcc | 1.0.0 | 184.84 | NOTE | |||
r-devel-windows-x86_64 | 1.0.0 | 9.00 | 118.00 | 127.00 | OK | |
r-patched-linux-x86_64 | 1.0.0 | 8.03 | 99.48 | 107.51 | OK | |
r-release-linux-x86_64 | 1.0.0 | 5.93 | 101.58 | 107.51 | OK | |
r-release-macos-arm64 | 1.0.0 | 53.00 | OK | |||
r-release-macos-x86_64 | 1.0.0 | 98.00 | OK | |||
r-release-windows-x86_64 | 1.0.0 | 10.00 | 111.00 | 121.00 | OK | |
r-oldrel-macos-arm64 | 1.0.0 | 52.00 | OK | |||
r-oldrel-macos-x86_64 | 1.0.0 | 71.00 | OK | |||
r-oldrel-windows-x86_64 | 1.0.0 | 13.00 | 147.00 | 160.00 | OK |
Version: 1.0.0
Check: dependencies in R code
Result: NOTE
Namespace in Imports field not imported from: ‘Rcpp’
All declared Imports should be used.
Flavors: r-devel-linux-x86_64-fedora-clang, r-devel-linux-x86_64-fedora-gcc
These binaries (installable software) and packages are in development.
They may not be fully stable and should be used with caution. We make no claims about them.