Last updated on 2025-10-23 15:50:10 CEST.
Flavor | Version | Tinstall | Tcheck | Ttotal | Status | Flags |
---|---|---|---|---|---|---|
r-devel-linux-x86_64-debian-clang | 1.0 | 2.39 | 46.15 | 48.54 | NOTE | |
r-devel-linux-x86_64-debian-gcc | 1.0 | 1.67 | 34.03 | 35.70 | NOTE | |
r-devel-linux-x86_64-fedora-clang | 1.0 | 73.08 | NOTE | |||
r-devel-linux-x86_64-fedora-gcc | 1.0 | 85.98 | NOTE | |||
r-devel-windows-x86_64 | 1.0 | 3.00 | 63.00 | 66.00 | OK | |
r-patched-linux-x86_64 | 1.0 | 2.19 | 43.94 | 46.13 | OK | |
r-release-linux-x86_64 | 1.0 | 2.03 | 43.76 | 45.79 | OK | |
r-release-macos-arm64 | 1.0 | 1.00 | 35.00 | 36.00 | OK | |
r-release-macos-x86_64 | 1.0 | 3.00 | 77.00 | 80.00 | OK | |
r-release-windows-x86_64 | 1.0 | 3.00 | 61.00 | 64.00 | OK | |
r-oldrel-macos-arm64 | 1.0 | 1.00 | 30.00 | 31.00 | NOTE | |
r-oldrel-macos-x86_64 | 1.0 | 2.00 | 48.00 | 50.00 | NOTE | |
r-oldrel-windows-x86_64 | 1.0 | 5.00 | 72.00 | 77.00 | NOTE |
Version: 1.0
Check: CRAN incoming feasibility
Result: NOTE
Maintainer: ‘Gregory Hunt <ghunt@wm.edu>’
Package CITATION file contains call(s) to old-style personList() or
as.personList(). Please use c() on person objects instead.
Package CITATION file contains call(s) to old-style citEntry(). Please
use bibentry() instead.
Flavors: r-devel-linux-x86_64-debian-clang, r-devel-linux-x86_64-debian-gcc
Version: 1.0
Check: HTML version of manual
Result: NOTE
Found the following HTML validation problems:
center.html:46:1 (center.Rd:10): Warning: missing </ul> before </div>
Flavor: r-devel-linux-x86_64-debian-clang
Version: 1.0
Check: dependencies in R code
Result: NOTE
Namespace in Imports field not imported from: ‘abind’
All declared Imports should be used.
Flavors: r-devel-linux-x86_64-fedora-clang, r-devel-linux-x86_64-fedora-gcc
Version: 1.0
Check: LazyData
Result: NOTE
'LazyData' is specified without a 'data' directory
Flavors: r-oldrel-macos-arm64, r-oldrel-macos-x86_64, r-oldrel-windows-x86_64
These binaries (installable software) and packages are in development.
They may not be fully stable and should be used with caution. We make no claims about them.