Last updated on 2025-10-03 13:49:46 CEST.
Flavor | Version | Tinstall | Tcheck | Ttotal | Status | Flags |
---|---|---|---|---|---|---|
r-devel-linux-x86_64-debian-clang | 0.2.2 | 22.03 | 26.90 | 48.93 | OK | |
r-devel-linux-x86_64-debian-gcc | 0.2.2 | 15.57 | 21.93 | 37.50 | OK | |
r-devel-linux-x86_64-fedora-clang | 0.2.2 | 87.20 | OK | |||
r-devel-linux-x86_64-fedora-gcc | 0.2.2 | 82.76 | OK | |||
r-devel-windows-x86_64 | 0.2.2 | 29.00 | 64.00 | 93.00 | OK | |
r-patched-linux-x86_64 | 0.2.2 | 21.50 | 24.47 | 45.97 | OK | |
r-release-linux-x86_64 | 0.2.1 | 21.78 | 24.54 | 46.32 | WARN | |
r-release-macos-arm64 | 0.2.2 | 27.00 | OK | |||
r-release-macos-x86_64 | 0.2.2 | 129.00 | OK | |||
r-release-windows-x86_64 | 0.2.2 | 27.00 | 63.00 | 90.00 | OK | |
r-oldrel-macos-arm64 | 0.2.1 | 26.00 | OK | |||
r-oldrel-macos-x86_64 | 0.2.2 | 126.00 | OK | |||
r-oldrel-windows-x86_64 | 0.2.2 | 32.00 | 77.00 | 109.00 | OK |
Version: 0.2.1
Check: whether package can be installed
Result: WARN
Found the following significant warnings:
rRUM_Gibbs.cpp:60:51: warning: ‘static out_eT arma::conv_to<out_eT>::from(const arma::Base<eT2, expr>&, const typename arma::arma_not_cx<in_eT>::result*) [with in_eT = double; T1 = arma::Glue<arma::Op<arma::Col<double>, arma::op_htrans>, arma::Col<double>, arma::glue_times>; out_eT = double; typename arma::arma_not_cx<in_eT>::result = double]’ is deprecated: replace conv_to<...>::from(X) with as_scalar(X) [-Wdeprecated-declarations]
rRUM_Gibbs.cpp:62:51: warning: ‘static out_eT arma::conv_to<out_eT>::from(const arma::Base<eT2, expr>&, const typename arma::arma_not_cx<in_eT>::result*) [with in_eT = double; T1 = arma::Glue<arma::Op<arma::Col<double>, arma::op_htrans>, arma::Col<double>, arma::glue_times>; out_eT = double; typename arma::arma_not_cx<in_eT>::result = double]’ is deprecated: replace conv_to<...>::from(X) with as_scalar(X) [-Wdeprecated-declarations]
rRUM_Gibbs.cpp:93:60: warning: ‘static out_eT arma::conv_to<out_eT>::from(const arma::Base<eT2, expr>&, const typename arma::arma_not_cx<in_eT>::result*) [with in_eT = double; T1 = arma::Glue<arma::Op<arma::Col<double>, arma::op_htrans>, arma::Col<double>, arma::glue_times>; out_eT = double; typename arma::arma_not_cx<in_eT>::result = double]’ is deprecated: replace conv_to<...>::from(X) with as_scalar(X) [-Wdeprecated-declarations]
rRUM_Gibbs.cpp:94:57: warning: ‘static out_eT arma::conv_to<out_eT>::from(const arma::Base<eT2, expr>&, const typename arma::arma_not_cx<in_eT>::result*) [with in_eT = double; T1 = arma::Glue<arma::Op<arma::Col<double>, arma::op_htrans>, arma::Col<double>, arma::glue_times>; out_eT = double; typename arma::arma_not_cx<in_eT>::result = double]’ is deprecated: replace conv_to<...>::from(X) with as_scalar(X) [-Wdeprecated-declarations]
rRUM_Gibbs.cpp:95:63: warning: ‘static out_eT arma::conv_to<out_eT>::from(const arma::Base<eT2, expr>&, const typename arma::arma_not_cx<in_eT>::result*) [with in_eT = double; T1 = arma::Glue<arma::Op<arma::Col<double>, arma::op_htrans>, arma::Col<double>, arma::glue_times>; out_eT = double; typename arma::arma_not_cx<in_eT>::result = double]’ is deprecated: replace conv_to<...>::from(X) with as_scalar(X) [-Wdeprecated-declarations]
See ‘/home/hornik/tmp/R.check/r-release-gcc/Work/PKGS/rrum.Rcheck/00install.out’ for details.
* used C++ compiler: ‘g++-14 (Debian 14.3.0-8) 14.3.0’
Flavor: r-release-linux-x86_64
These binaries (installable software) and packages are in development.
They may not be fully stable and should be used with caution. We make no claims about them.