CRAN Package Check Results for Package rsdmx

Last updated on 2025-10-23 17:51:00 CEST.

Flavor Version Tinstall Tcheck Ttotal Status Flags
r-devel-linux-x86_64-debian-clang 0.6-5 7.32 138.71 146.03 NOTE
r-devel-linux-x86_64-debian-gcc 0.6-5 5.85 87.05 92.90 OK
r-devel-linux-x86_64-fedora-clang 0.6-5 19.00 210.57 229.57 OK
r-devel-linux-x86_64-fedora-gcc 0.6-5 29.00 201.03 230.03 OK
r-devel-windows-x86_64 0.6-5 12.00 139.00 151.00 OK
r-patched-linux-x86_64 0.6-5 10.25 131.86 142.11 OK
r-release-linux-x86_64 0.6-5 9.31 130.74 140.05 OK
r-release-macos-arm64 0.6-5 4.00 69.00 73.00 OK
r-release-macos-x86_64 0.6-5 8.00 152.00 160.00 OK
r-release-windows-x86_64 0.6-5 11.00 141.00 152.00 OK
r-oldrel-macos-arm64 0.6-5 4.00 63.00 67.00 OK
r-oldrel-macos-x86_64 0.6-5 7.00 126.00 133.00 OK
r-oldrel-windows-x86_64 0.6-5 15.00 183.00 198.00 OK

Check Details

Version: 0.6-5
Check: HTML version of manual
Result: NOTE Found the following HTML validation problems: SDMXStructureType-methods.html:49:1 (SDMXStructureType-methods.Rd:14): Warning: missing </ul> before </div> Flavor: r-devel-linux-x86_64-debian-clang

These binaries (installable software) and packages are in development.
They may not be fully stable and should be used with caution. We make no claims about them.