Last updated on 2025-07-02 01:51:49 CEST.
Flavor | Version | Tinstall | Tcheck | Ttotal | Status | Flags |
---|---|---|---|---|---|---|
r-devel-linux-x86_64-debian-clang | 0.5.0 | 4.70 | 93.29 | 97.99 | NOTE | |
r-devel-linux-x86_64-debian-gcc | 0.5.0 | 3.38 | 66.09 | 69.47 | NOTE | |
r-devel-linux-x86_64-fedora-clang | 0.5.0 | 155.31 | OK | |||
r-devel-linux-x86_64-fedora-gcc | 0.5.0 | 164.48 | OK | |||
r-devel-windows-x86_64 | 0.5.0 | 7.00 | 110.00 | 117.00 | OK | |
r-patched-linux-x86_64 | OK | |||||
r-release-linux-x86_64 | 0.5.0 | 4.90 | 88.76 | 93.66 | OK | |
r-release-macos-arm64 | 0.5.0 | 47.00 | OK | |||
r-release-macos-x86_64 | 0.5.0 | 99.00 | OK | |||
r-release-windows-x86_64 | 0.5.0 | 7.00 | 111.00 | 118.00 | OK | |
r-oldrel-macos-arm64 | 0.5.0 | 48.00 | OK | |||
r-oldrel-macos-x86_64 | 0.5.0 | 80.00 | OK | |||
r-oldrel-windows-x86_64 | 0.5.0 | 8.00 | 139.00 | 147.00 | OK |
Version: 0.5.0
Check: CRAN incoming feasibility
Result: NOTE
Maintainer: ‘Jonathan Bourne <jonathan.s.bourne@gmail.com>’
Package CITATION file contains call(s) to old-style citEntry(). Please
use bibentry() instead.
Flavors: r-devel-linux-x86_64-debian-clang, r-devel-linux-x86_64-debian-gcc
These binaries (installable software) and packages are in development.
They may not be fully stable and should be used with caution. We make no claims about them.