CRAN Package Check Results for Package rsides

Last updated on 2025-05-21 17:52:25 CEST.

Flavor Version Tinstall Tcheck Ttotal Status Flags
r-devel-linux-x86_64-debian-clang 0.1 88.14 75.11 163.25 OK
r-devel-linux-x86_64-debian-gcc 0.1 73.38 58.16 131.54 OK
r-devel-linux-x86_64-fedora-clang 0.1 236.62 OK
r-devel-linux-x86_64-fedora-gcc 0.1 303.97 OK
r-devel-windows-x86_64 0.1 87.00 115.00 202.00 OK
r-patched-linux-x86_64 0.1 89.81 75.10 164.91 OK
r-release-linux-x86_64 0.1 89.29 75.40 164.69 OK
r-release-macos-arm64 0.1 74.00 OK
r-release-macos-x86_64 0.1 135.00 OK
r-release-windows-x86_64 0.1 85.00 121.00 206.00 OK
r-oldrel-macos-arm64 0.1 72.00 NOTE
r-oldrel-macos-x86_64 0.1 206.00 NOTE
r-oldrel-windows-x86_64 0.1 102.00 132.00 234.00 OK

Check Details

Version: 0.1
Check: installed package size
Result: NOTE installed size is 23.8Mb sub-directories of 1Mb or more: libs 23.6Mb Flavors: r-oldrel-macos-arm64, r-oldrel-macos-x86_64

These binaries (installable software) and packages are in development.
They may not be fully stable and should be used with caution. We make no claims about them.