CRAN Package Check Results for Package rsides

Last updated on 2025-07-05 19:50:44 CEST.

Flavor Version Tinstall Tcheck Ttotal Status Flags
r-devel-linux-x86_64-debian-clang 0.1 85.16 76.17 161.33 OK
r-devel-linux-x86_64-debian-gcc 0.1 70.58 58.50 129.08 OK
r-devel-linux-x86_64-fedora-clang 0.1 234.01 OK
r-devel-linux-x86_64-fedora-gcc 0.1 281.54 OK
r-devel-windows-x86_64 0.1 85.00 105.00 190.00 OK
r-patched-linux-x86_64 0.1 93.65 75.72 169.37 OK
r-release-linux-x86_64 0.1 92.32 74.91 167.23 OK
r-release-macos-arm64 0.1 74.00 OK
r-release-macos-x86_64 0.1 135.00 OK
r-release-windows-x86_64 0.1 85.00 109.00 194.00 OK
r-oldrel-macos-arm64 0.1 72.00 NOTE
r-oldrel-macos-x86_64 0.1 206.00 NOTE
r-oldrel-windows-x86_64 0.1 101.00 135.00 236.00 OK

Check Details

Version: 0.1
Check: installed package size
Result: NOTE installed size is 23.8Mb sub-directories of 1Mb or more: libs 23.6Mb Flavors: r-oldrel-macos-arm64, r-oldrel-macos-x86_64

These binaries (installable software) and packages are in development.
They may not be fully stable and should be used with caution. We make no claims about them.