Last updated on 2025-05-01 12:49:40 CEST.
Flavor | Version | Tinstall | Tcheck | Ttotal | Status | Flags |
---|---|---|---|---|---|---|
r-devel-linux-x86_64-debian-clang | 0.13.0 | 7.68 | 187.06 | 194.74 | NOTE | |
r-devel-linux-x86_64-debian-gcc | 0.13.0 | 6.36 | 130.78 | 137.14 | OK | |
r-devel-linux-x86_64-fedora-clang | 0.13.0 | 300.22 | OK | |||
r-devel-linux-x86_64-fedora-gcc | 0.13.0 | 290.16 | OK | |||
r-devel-windows-x86_64 | 0.13.0 | 14.00 | 183.00 | 197.00 | OK | |
r-patched-linux-x86_64 | 0.13.0 | 9.46 | 173.90 | 183.36 | OK | |
r-release-linux-x86_64 | OK | |||||
r-release-macos-arm64 | 0.13.0 | 87.00 | OK | |||
r-release-macos-x86_64 | 0.13.0 | 181.00 | OK | |||
r-release-windows-x86_64 | 0.13.0 | 16.00 | 189.00 | 205.00 | OK | |
r-oldrel-macos-arm64 | 0.13.0 | 85.00 | OK | |||
r-oldrel-macos-x86_64 | 0.13.0 | 143.00 | OK | |||
r-oldrel-windows-x86_64 | 0.13.0 | 17.00 | 239.00 | 256.00 | OK |
Version: 0.13.0
Check: examples
Result: NOTE
Examples with CPU (user + system) or elapsed time > 5s
user system elapsed
autoplot.multisimsum 6.053 0.355 7.871
autoplot.simsum 4.036 0.126 5.465
Flavor: r-devel-linux-x86_64-debian-clang
These binaries (installable software) and packages are in development.
They may not be fully stable and should be used with caution. We make no claims about them.