Last updated on 2025-02-16 08:50:59 CET.
Flavor | Version | Tinstall | Tcheck | Ttotal | Status | Flags |
---|---|---|---|---|---|---|
r-devel-linux-x86_64-debian-clang | 0.4.4 | 2.09 | 19.65 | 21.74 | NOTE | |
r-devel-linux-x86_64-debian-gcc | 0.4.4 | 1.55 | 15.98 | 17.53 | NOTE | |
r-devel-linux-x86_64-fedora-clang | 0.4.4 | 35.43 | OK | |||
r-devel-linux-x86_64-fedora-gcc | 0.4.4 | 33.91 | OK | |||
r-devel-macos-arm64 | 0.4.4 | 15.00 | OK | |||
r-devel-macos-x86_64 | 0.4.4 | 33.00 | OK | |||
r-devel-windows-x86_64 | 0.4.4 | 3.00 | 42.00 | 45.00 | NOTE | |
r-patched-linux-x86_64 | 0.4.4 | 3.20 | 19.11 | 22.31 | NOTE | |
r-release-linux-x86_64 | 0.4.4 | 1.95 | 19.18 | 21.13 | NOTE | |
r-release-macos-arm64 | 0.4.4 | 15.00 | NOTE | |||
r-release-macos-x86_64 | 0.4.4 | 21.00 | NOTE | |||
r-release-windows-x86_64 | 0.4.4 | 4.00 | 46.00 | 50.00 | NOTE | |
r-oldrel-macos-arm64 | 0.4.4 | 16.00 | NOTE | |||
r-oldrel-macos-x86_64 | 0.4.4 | 22.00 | NOTE | |||
r-oldrel-windows-x86_64 | 0.4.4 | 2.00 | 54.00 | 56.00 | NOTE |
Version: 0.4.4
Check: Rd cross-references
Result: NOTE
Found the following Rd file(s) with Rd \link{} targets missing package
anchors:
selectobject.Rd: funSource
Please provide package anchors for all Rd \link{} targets not in the
package itself and the base packages.
Flavors: r-devel-linux-x86_64-debian-clang, r-devel-linux-x86_64-debian-gcc, r-devel-windows-x86_64
Version: 0.4.4
Check: LazyData
Result: NOTE
'LazyData' is specified without a 'data' directory
Flavors: r-patched-linux-x86_64, r-release-linux-x86_64, r-release-macos-arm64, r-release-macos-x86_64, r-release-windows-x86_64, r-oldrel-macos-arm64, r-oldrel-macos-x86_64, r-oldrel-windows-x86_64
These binaries (installable software) and packages are in development.
They may not be fully stable and should be used with caution. We make no claims about them.