Last updated on 2025-02-16 08:50:59 CET.
Flavor | Version | Tinstall | Tcheck | Ttotal | Status | Flags |
---|---|---|---|---|---|---|
r-devel-linux-x86_64-debian-clang | 2.10.5 | 4.10 | 99.70 | 103.80 | NOTE | |
r-devel-linux-x86_64-debian-gcc | 2.10.5 | 2.77 | 76.01 | 78.78 | NOTE | |
r-devel-linux-x86_64-fedora-clang | 2.10.5 | 170.70 | NOTE | |||
r-devel-linux-x86_64-fedora-gcc | 2.10.5 | 186.84 | NOTE | |||
r-devel-macos-arm64 | 2.10.5 | 54.00 | NOTE | |||
r-devel-macos-x86_64 | 2.10.5 | 103.00 | NOTE | |||
r-devel-windows-x86_64 | 2.10.5 | 8.00 | 97.00 | 105.00 | OK | |
r-patched-linux-x86_64 | 2.10.5 | 4.45 | 96.36 | 100.81 | NOTE | |
r-release-linux-x86_64 | 2.10.5 | 3.51 | 95.14 | 98.65 | NOTE | |
r-release-macos-arm64 | 2.10.5 | 78.00 | OK | |||
r-release-macos-x86_64 | 2.10.5 | 164.00 | OK | |||
r-release-windows-x86_64 | 2.10.5 | 9.00 | 99.00 | 108.00 | OK | |
r-oldrel-macos-arm64 | 2.10.5 | 70.00 | OK | |||
r-oldrel-macos-x86_64 | 2.10.5 | 94.00 | OK | |||
r-oldrel-windows-x86_64 | 2.10.5 | 8.00 | 106.00 | 114.00 | OK |
Version: 2.10.5
Check: Rd cross-references
Result: NOTE
Unknown package ‘Vdgraph’ in Rd xrefs
Flavors: r-devel-linux-x86_64-debian-clang, r-devel-linux-x86_64-debian-gcc, r-devel-linux-x86_64-fedora-clang, r-devel-linux-x86_64-fedora-gcc, r-devel-macos-arm64, r-devel-macos-x86_64, r-patched-linux-x86_64, r-release-linux-x86_64
Version: 2.10.5
Check: package dependencies
Result: NOTE
Package suggested but not available for checking: ‘Vdgraph’
Flavors: r-patched-linux-x86_64, r-release-linux-x86_64
These binaries (installable software) and packages are in development.
They may not be fully stable and should be used with caution. We make no claims about them.