Last updated on 2025-10-04 11:50:47 CEST.
Flavor | Version | Tinstall | Tcheck | Ttotal | Status | Flags |
---|---|---|---|---|---|---|
r-devel-linux-x86_64-debian-clang | 0.2.1 | 2.02 | 50.07 | 52.09 | OK | |
r-devel-linux-x86_64-debian-gcc | 0.2.1 | 1.81 | 37.20 | 39.01 | OK | |
r-devel-linux-x86_64-fedora-clang | 0.2.1 | 81.41 | OK | |||
r-devel-linux-x86_64-fedora-gcc | 0.2.1 | 92.89 | OK | |||
r-devel-windows-x86_64 | 0.2.1 | 4.00 | 63.00 | 67.00 | OK | |
r-patched-linux-x86_64 | 0.2.1 | 1.98 | 46.44 | 48.42 | OK | |
r-release-linux-x86_64 | 0.2.1 | 2.26 | 47.17 | 49.43 | OK | |
r-release-macos-arm64 | 0.2.1 | 31.00 | OK | |||
r-release-macos-x86_64 | 0.2.1 | 57.00 | OK | |||
r-release-windows-x86_64 | 0.2.1 | 5.00 | 64.00 | 69.00 | OK | |
r-oldrel-macos-arm64 | 0.2.1 | 30.00 | NOTE | |||
r-oldrel-macos-x86_64 | 0.2.1 | 48.00 | NOTE | |||
r-oldrel-windows-x86_64 | 0.2.1 | 5.00 | 79.00 | 84.00 | NOTE |
Version: 0.2.1
Check: package dependencies
Result: NOTE
Package suggested but not available for checking: ‘gurobi’
Flavors: r-oldrel-macos-arm64, r-oldrel-macos-x86_64, r-oldrel-windows-x86_64
These binaries (installable software) and packages are in development.
They may not be fully stable and should be used with caution. We make no claims about them.