Last updated on 2025-02-16 08:50:59 CET.
Flavor | Version | Tinstall | Tcheck | Ttotal | Status | Flags |
---|---|---|---|---|---|---|
r-devel-linux-x86_64-debian-clang | 0.2.1 | 2.24 | 43.81 | 46.05 | OK | |
r-devel-linux-x86_64-debian-gcc | 0.2.1 | 1.43 | 32.20 | 33.63 | OK | |
r-devel-linux-x86_64-fedora-clang | 0.2.1 | 80.30 | OK | |||
r-devel-linux-x86_64-fedora-gcc | 0.2.1 | 86.80 | OK | |||
r-devel-macos-arm64 | 0.2.1 | 31.00 | OK | |||
r-devel-macos-x86_64 | 0.2.1 | 61.00 | OK | |||
r-devel-windows-x86_64 | 0.2.1 | 4.00 | 62.00 | 66.00 | OK | |
r-patched-linux-x86_64 | 0.2.1 | 2.43 | 41.73 | 44.16 | NOTE | |
r-release-linux-x86_64 | 0.2.1 | 2.32 | 41.23 | 43.55 | NOTE | |
r-release-macos-arm64 | 0.2.1 | 30.00 | NOTE | |||
r-release-macos-x86_64 | 0.2.1 | 48.00 | NOTE | |||
r-release-windows-x86_64 | 0.2.1 | 4.00 | 62.00 | 66.00 | NOTE | |
r-oldrel-macos-arm64 | 0.2.1 | 46.00 | NOTE | |||
r-oldrel-macos-x86_64 | 0.2.1 | 65.00 | NOTE | |||
r-oldrel-windows-x86_64 | 0.2.1 | 4.00 | 66.00 | 70.00 | NOTE |
Version: 0.2.1
Check: package dependencies
Result: NOTE
Package suggested but not available for checking: ‘gurobi’
Flavors: r-patched-linux-x86_64, r-release-linux-x86_64, r-release-macos-arm64, r-release-macos-x86_64, r-release-windows-x86_64, r-oldrel-macos-arm64, r-oldrel-macos-x86_64, r-oldrel-windows-x86_64
These binaries (installable software) and packages are in development.
They may not be fully stable and should be used with caution. We make no claims about them.