CRAN Package Check Results for Package rsmatch

Last updated on 2025-11-11 15:50:46 CET.

Flavor Version Tinstall Tcheck Ttotal Status Flags
r-devel-linux-x86_64-debian-clang 0.2.1 2.41 51.19 53.60 OK
r-devel-linux-x86_64-debian-gcc 0.2.1 1.82 36.80 38.62 OK
r-devel-linux-x86_64-fedora-clang 0.2.1 83.30 OK
r-devel-linux-x86_64-fedora-gcc 0.2.1 99.46 OK
r-devel-windows-x86_64 0.2.1 6.00 63.00 69.00 OK
r-patched-linux-x86_64 0.2.1 2.49 47.80 50.29 OK
r-release-linux-x86_64 0.2.1 2.35 46.83 49.18 OK
r-release-macos-arm64 0.2.1 1.00 30.00 31.00 OK
r-release-macos-x86_64 0.2.1 2.00 55.00 57.00 OK
r-release-windows-x86_64 0.2.1 5.00 63.00 68.00 OK
r-oldrel-macos-arm64 0.2.1 1.00 29.00 30.00 NOTE
r-oldrel-macos-x86_64 0.2.1 2.00 46.00 48.00 NOTE
r-oldrel-windows-x86_64 0.2.1 6.00 77.00 83.00 NOTE

Check Details

Version: 0.2.1
Check: package dependencies
Result: NOTE Package suggested but not available for checking: ‘gurobi’ Flavors: r-oldrel-macos-arm64, r-oldrel-macos-x86_64, r-oldrel-windows-x86_64

These binaries (installable software) and packages are in development.
They may not be fully stable and should be used with caution. We make no claims about them.