Last updated on 2025-10-23 23:49:43 CEST.
Flavor | Version | Tinstall | Tcheck | Ttotal | Status | Flags |
---|---|---|---|---|---|---|
r-devel-linux-x86_64-debian-clang | 0.2.8 | 6.41 | 38.43 | 44.84 | NOTE | |
r-devel-linux-x86_64-debian-gcc | 0.2.8 | 4.81 | 28.48 | 33.29 | NOTE | |
r-devel-linux-x86_64-fedora-clang | 0.2.8 | 13.00 | 53.64 | 66.64 | OK | |
r-devel-linux-x86_64-fedora-gcc | 0.2.8 | 15.00 | 47.91 | 62.91 | OK | |
r-devel-windows-x86_64 | 0.2.8 | 12.00 | 55.00 | 67.00 | OK | |
r-patched-linux-x86_64 | 0.2.8 | 6.15 | 36.62 | 42.77 | OK | |
r-release-linux-x86_64 | 0.2.8 | 5.94 | 36.49 | 42.43 | OK | |
r-release-macos-arm64 | 0.2.8 | 5.00 | 20.00 | 25.00 | OK | |
r-release-macos-x86_64 | 0.2.8 | 9.00 | 51.00 | 60.00 | OK | |
r-release-windows-x86_64 | 0.2.8 | 11.00 | 55.00 | 66.00 | OK | |
r-oldrel-macos-arm64 | 0.2.8 | 4.00 | 20.00 | 24.00 | OK | |
r-oldrel-macos-x86_64 | 0.2.8 | 5.00 | 28.00 | 33.00 | OK | |
r-oldrel-windows-x86_64 | 0.2.8 | 15.00 | 66.00 | 81.00 | OK |
Version: 0.2.8
Check: CRAN incoming feasibility
Result: NOTE
Maintainer: ‘Mark van der Loo <mark.vanderloo@gmail.com>’
No Authors@R field in DESCRIPTION.
Please add one, modifying
Authors@R: person(given = "Mark",
family = "van der Loo",
role = c("aut", "cre"),
email = "mark.vanderloo@gmail.com")
as necessary.
Flavors: r-devel-linux-x86_64-debian-clang, r-devel-linux-x86_64-debian-gcc
These binaries (installable software) and packages are in development.
They may not be fully stable and should be used with caution. We make no claims about them.