CRAN Package Check Results for Package rspiro

Last updated on 2025-07-25 01:49:38 CEST.

Flavor Version Tinstall Tcheck Ttotal Status Flags
r-devel-linux-x86_64-debian-clang 0.5 3.42 29.76 33.18 NOTE
r-devel-linux-x86_64-debian-gcc 0.5 2.45 22.77 25.22 NOTE
r-devel-linux-x86_64-fedora-clang 0.5 51.98 OK
r-devel-linux-x86_64-fedora-gcc 0.5 48.40 OK
r-devel-windows-x86_64 0.5 4.00 69.00 73.00 OK
r-patched-linux-x86_64 0.5 4.36 27.54 31.90 OK
r-release-linux-x86_64 0.5 3.96 27.97 31.93 OK
r-release-macos-arm64 0.5 22.00 OK
r-release-macos-x86_64 0.5 49.00 OK
r-release-windows-x86_64 0.5 5.00 67.00 72.00 OK
r-oldrel-macos-arm64 0.5 27.00 OK
r-oldrel-macos-x86_64 0.5 49.00 OK
r-oldrel-windows-x86_64 0.5 4.00 63.00 67.00 OK

Check Details

Version: 0.5
Check: CRAN incoming feasibility
Result: NOTE Maintainer: ‘Theodore Lytras <thlytras@gmail.com>’ No Authors@R field in DESCRIPTION. Please add one, modifying Authors@R: person(given = "Theodore", family = "Lytras", role = c("aut", "cre"), email = "thlytras@gmail.com") as necessary. Flavors: r-devel-linux-x86_64-debian-clang, r-devel-linux-x86_64-debian-gcc

These binaries (installable software) and packages are in development.
They may not be fully stable and should be used with caution. We make no claims about them.