Last updated on 2025-02-16 08:50:59 CET.
Flavor | Version | Tinstall | Tcheck | Ttotal | Status | Flags |
---|---|---|---|---|---|---|
r-devel-linux-x86_64-debian-clang | 1.0.1 | 6.87 | 52.62 | 59.49 | NOTE | |
r-devel-linux-x86_64-debian-gcc | 1.0.1 | 5.31 | 38.13 | 43.44 | NOTE | |
r-devel-linux-x86_64-fedora-clang | 1.0.1 | 100.54 | NOTE | |||
r-devel-linux-x86_64-fedora-gcc | 1.0.1 | 88.49 | NOTE | |||
r-devel-macos-arm64 | 1.0.1 | 30.00 | OK | |||
r-devel-macos-x86_64 | 1.0.1 | 52.00 | NOTE | |||
r-devel-windows-x86_64 | 1.0.1 | 10.00 | 70.00 | 80.00 | NOTE | |
r-patched-linux-x86_64 | 1.0.1 | 7.78 | 49.45 | 57.23 | OK | |
r-release-linux-x86_64 | 1.0.1 | 7.46 | 49.84 | 57.30 | OK | |
r-release-macos-arm64 | 1.0.1 | 31.00 | OK | |||
r-release-macos-x86_64 | 1.0.1 | 79.00 | OK | |||
r-release-windows-x86_64 | 1.0.1 | 9.00 | 68.00 | 77.00 | OK | |
r-oldrel-macos-arm64 | 1.0.1 | 31.00 | OK | |||
r-oldrel-macos-x86_64 | 1.0.1 | 55.00 | OK | |||
r-oldrel-windows-x86_64 | 1.0.1 | 11.00 | 111.00 | 122.00 | OK |
Version: 1.0.1
Check: DESCRIPTION meta-information
Result: NOTE
Missing dependency on R >= 4.1.0 because package code uses the pipe
|> or function shorthand \(...) syntax added in R 4.1.0.
File(s) using such syntax:
‘geom-funs.R’
Flavors: r-devel-linux-x86_64-debian-clang, r-devel-linux-x86_64-debian-gcc, r-devel-linux-x86_64-fedora-clang, r-devel-linux-x86_64-fedora-gcc, r-devel-macos-x86_64, r-devel-windows-x86_64
These binaries (installable software) and packages are in development.
They may not be fully stable and should be used with caution. We make no claims about them.