CRAN Package Check Results for Package rstack

Last updated on 2025-05-03 22:50:08 CEST.

Flavor Version Tinstall Tcheck Ttotal Status Flags
r-devel-linux-x86_64-debian-clang 1.0.1 2.45 18.61 21.06 NOTE
r-devel-linux-x86_64-debian-gcc 1.0.1 1.72 15.60 17.32 NOTE
r-devel-linux-x86_64-fedora-clang 1.0.1 30.64 OK
r-devel-linux-x86_64-fedora-gcc 1.0.1 30.70 OK
r-devel-windows-x86_64 1.0.1 3.00 38.00 41.00 OK
r-patched-linux-x86_64 1.0.1 2.04 16.59 18.63 OK
r-release-linux-x86_64 OK
r-release-macos-arm64 1.0.1 15.00 OK
r-release-macos-x86_64 1.0.1 25.00 OK
r-release-windows-x86_64 1.0.1 3.00 38.00 41.00 OK
r-oldrel-macos-arm64 1.0.1 14.00 OK
r-oldrel-macos-x86_64 1.0.1 21.00 OK
r-oldrel-windows-x86_64 1.0.1 5.00 42.00 47.00 OK

Check Details

Version: 1.0.1
Check: CRAN incoming feasibility
Result: NOTE Maintainer: ‘Gábor Csárdi <csardi.gabor@gmail.com>’ No Authors@R field in DESCRIPTION. Please add one, modifying Authors@R: person(given = "Gábor", family = "Csárdi", role = c("aut", "cre"), email = "csardi.gabor@gmail.com") as necessary. Flavors: r-devel-linux-x86_64-debian-clang, r-devel-linux-x86_64-debian-gcc

These binaries (installable software) and packages are in development.
They may not be fully stable and should be used with caution. We make no claims about them.