Last updated on 2025-05-03 22:50:08 CEST.
Flavor | Version | Tinstall | Tcheck | Ttotal | Status | Flags |
---|---|---|---|---|---|---|
r-devel-linux-x86_64-debian-clang | 1.1.1 | 2.41 | 33.83 | 36.24 | NOTE | |
r-devel-linux-x86_64-debian-gcc | 1.1.1 | 1.98 | 26.21 | 28.19 | NOTE | |
r-devel-linux-x86_64-fedora-clang | 1.1.1 | 58.85 | OK | |||
r-devel-linux-x86_64-fedora-gcc | 1.1.1 | 57.53 | OK | |||
r-devel-windows-x86_64 | 1.1.1 | 4.00 | 65.00 | 69.00 | OK | |
r-patched-linux-x86_64 | 1.1.1 | 2.89 | 32.38 | 35.27 | OK | |
r-release-linux-x86_64 | OK | |||||
r-release-macos-arm64 | 1.1.1 | 22.00 | OK | |||
r-release-macos-x86_64 | 1.1.1 | 39.00 | OK | |||
r-release-windows-x86_64 | 1.1.1 | 4.00 | 65.00 | 69.00 | OK | |
r-oldrel-macos-arm64 | 1.1.1 | 22.00 | OK | |||
r-oldrel-macos-x86_64 | 1.1.1 | 31.00 | OK | |||
r-oldrel-windows-x86_64 | 1.1.1 | 4.00 | 72.00 | 76.00 | OK |
Version: 1.1.1
Check: CRAN incoming feasibility
Result: NOTE
Maintainer: ‘Shawn T. O'Neil <shawn.oneil@cgrb.oregonstate.edu>’
No Authors@R field in DESCRIPTION.
Please add one, modifying
Authors@R: person(given = c("Shawn", "T."),
family = "O'Neil",
role = c("aut", "cre"),
email = "shawn.oneil@cgrb.oregonstate.edu")
as necessary.
Flavors: r-devel-linux-x86_64-debian-clang, r-devel-linux-x86_64-debian-gcc
These binaries (installable software) and packages are in development.
They may not be fully stable and should be used with caution. We make no claims about them.