CRAN Package Check Results for Package rstackdeque

Last updated on 2025-11-12 18:50:45 CET.

Flavor Version Tinstall Tcheck Ttotal Status Flags
r-devel-linux-x86_64-debian-clang 1.1.1 2.48 36.90 39.38 NOTE
r-devel-linux-x86_64-debian-gcc 1.1.1 1.97 27.51 29.48 NOTE
r-devel-linux-x86_64-fedora-clang 1.1.1 57.13 OK
r-devel-linux-x86_64-fedora-gcc 1.1.1 58.51 OK
r-devel-windows-x86_64 1.1.1 4.00 62.00 66.00 OK
r-patched-linux-x86_64 1.1.1 3.17 34.69 37.86 OK
r-release-linux-x86_64 1.1.1 2.28 34.67 36.95 OK
r-release-macos-arm64 1.1.1 1.00 21.00 22.00 OK
r-release-macos-x86_64 1.1.1 2.00 37.00 39.00 OK
r-release-windows-x86_64 1.1.1 6.00 62.00 68.00 OK
r-oldrel-macos-arm64 1.1.1 1.00 21.00 22.00 OK
r-oldrel-macos-x86_64 1.1.1 2.00 29.00 31.00 OK
r-oldrel-windows-x86_64 1.1.1 4.00 72.00 76.00 OK

Check Details

Version: 1.1.1
Check: CRAN incoming feasibility
Result: NOTE Maintainer: ‘Shawn T. O'Neil <shawn.oneil@cgrb.oregonstate.edu>’ No Authors@R field in DESCRIPTION. Please add one, modifying Authors@R: person(given = c("Shawn", "T."), family = "O'Neil", role = c("aut", "cre"), email = "shawn.oneil@cgrb.oregonstate.edu") as necessary. Flavors: r-devel-linux-x86_64-debian-clang, r-devel-linux-x86_64-debian-gcc

These binaries (installable software) and packages are in development.
They may not be fully stable and should be used with caution. We make no claims about them.