CRAN Package Check Results for Package rstackdeque

Last updated on 2025-07-18 03:51:11 CEST.

Flavor Version Tinstall Tcheck Ttotal Status Flags
r-devel-linux-x86_64-debian-clang 1.1.1 2.37 34.85 37.22 NOTE
r-devel-linux-x86_64-debian-gcc 1.1.1 1.95 26.35 28.30 NOTE
r-devel-linux-x86_64-fedora-clang 1.1.1 58.09 OK
r-devel-linux-x86_64-fedora-gcc 1.1.1 55.49 OK
r-devel-windows-x86_64 1.1.1 4.00 64.00 68.00 OK
r-patched-linux-x86_64 1.1.1 3.56 32.27 35.83 OK
r-release-linux-x86_64 1.1.1 2.03 32.25 34.28 OK
r-release-macos-arm64 1.1.1 22.00 OK
r-release-macos-x86_64 1.1.1 39.00 OK
r-release-windows-x86_64 1.1.1 5.00 64.00 69.00 OK
r-oldrel-macos-arm64 1.1.1 22.00 OK
r-oldrel-macos-x86_64 1.1.1 31.00 OK
r-oldrel-windows-x86_64 1.1.1 6.00 70.00 76.00 OK

Check Details

Version: 1.1.1
Check: CRAN incoming feasibility
Result: NOTE Maintainer: ‘Shawn T. O'Neil <shawn.oneil@cgrb.oregonstate.edu>’ No Authors@R field in DESCRIPTION. Please add one, modifying Authors@R: person(given = c("Shawn", "T."), family = "O'Neil", role = c("aut", "cre"), email = "shawn.oneil@cgrb.oregonstate.edu") as necessary. Flavors: r-devel-linux-x86_64-debian-clang, r-devel-linux-x86_64-debian-gcc

These binaries (installable software) and packages are in development.
They may not be fully stable and should be used with caution. We make no claims about them.