CRAN Package Check Results for Package rstan

Last updated on 2025-07-26 00:49:16 CEST.

Flavor Version Tinstall Tcheck Ttotal Status Flags
r-devel-linux-x86_64-debian-clang 2.32.7 186.51 182.48 368.99 OK
r-devel-linux-x86_64-debian-gcc 2.32.7 158.49 145.60 304.09 OK
r-devel-linux-x86_64-fedora-clang 2.32.7 606.06 OK
r-devel-linux-x86_64-fedora-gcc 2.32.7 1385.54 OK
r-devel-windows-x86_64 2.32.7 233.00 234.00 467.00 OK
r-patched-linux-x86_64 2.32.7 210.17 193.43 403.60 OK
r-release-linux-x86_64 2.32.7 208.72 191.81 400.53 OK
r-release-macos-arm64 2.32.7 299.00 OK
r-release-macos-x86_64 2.32.7 979.00 OK
r-release-windows-x86_64 2.32.7 239.00 212.00 451.00 OK
r-oldrel-macos-arm64 2.32.7 223.00 NOTE
r-oldrel-macos-x86_64 2.32.7 395.00 NOTE
r-oldrel-windows-x86_64 2.32.7 255.00 260.00 515.00 NOTE

Check Details

Version: 2.32.7
Check: installed package size
Result: NOTE installed size is 49.5Mb sub-directories of 1Mb or more: exec 1.7Mb lib 34.2Mb libs 11.7Mb Flavors: r-oldrel-macos-arm64, r-oldrel-macos-x86_64, r-oldrel-windows-x86_64

Version: 2.32.7
Check: for GNU extensions in Makefiles
Result: NOTE GNU make is a SystemRequirements. Flavors: r-oldrel-macos-arm64, r-oldrel-macos-x86_64, r-oldrel-windows-x86_64

These binaries (installable software) and packages are in development.
They may not be fully stable and should be used with caution. We make no claims about them.