CRAN Package Check Results for Package rstanbdp

Last updated on 2025-07-05 01:49:33 CEST.

Flavor Version Tinstall Tcheck Ttotal Status Flags
r-devel-linux-x86_64-debian-clang 0.0.3 514.36 193.90 708.26 OK
r-devel-linux-x86_64-debian-gcc 0.0.3 489.06 178.73 667.79 OK
r-devel-linux-x86_64-fedora-clang 0.0.3 1064.08 OK
r-devel-linux-x86_64-fedora-gcc 0.0.3 1545.16 OK
r-devel-windows-x86_64 0.0.3 559.00 236.00 795.00 OK
r-patched-linux-x86_64 0.0.3 625.45 239.33 864.78 OK
r-release-linux-x86_64 0.0.3 609.03 239.36 848.39 OK
r-release-macos-arm64 0.0.3 273.00 OK
r-release-macos-x86_64 0.0.3 534.00 OK
r-release-windows-x86_64 0.0.3 575.00 243.00 818.00 OK
r-oldrel-macos-arm64 0.0.3 153.00 NOTE
r-oldrel-macos-x86_64 0.0.3 150.00 NOTE
r-oldrel-windows-x86_64 0.0.3 665.00 393.00 1058.00 NOTE

Check Details

Version: 0.0.3
Check: installed package size
Result: NOTE installed size is 94.7Mb sub-directories of 1Mb or more: libs 94.4Mb Flavors: r-oldrel-macos-arm64, r-oldrel-macos-x86_64

Version: 0.0.3
Check: for GNU extensions in Makefiles
Result: NOTE GNU make is a SystemRequirements. Flavors: r-oldrel-macos-arm64, r-oldrel-macos-x86_64, r-oldrel-windows-x86_64

These binaries (installable software) and packages are in development.
They may not be fully stable and should be used with caution. We make no claims about them.