Last updated on 2024-07-27 15:50:32 CEST.
Flavor | Version | Tinstall | Tcheck | Ttotal | Status | Flags |
---|---|---|---|---|---|---|
r-devel-linux-x86_64-debian-clang | 0.0.2 | 529.94 | 230.41 | 760.35 | NOTE | |
r-devel-linux-x86_64-debian-gcc | 0.0.2 | NOTE | ||||
r-devel-linux-x86_64-fedora-clang | 0.0.3 | 903.60 | NOTE | |||
r-devel-linux-x86_64-fedora-gcc | 0.0.3 | 1449.86 | NOTE | |||
r-devel-windows-x86_64 | 0.0.3 | 440.00 | 219.00 | 659.00 | NOTE | |
r-patched-linux-x86_64 | 0.0.2 | NOTE | ||||
r-release-linux-x86_64 | 0.0.2 | 425.49 | 264.65 | 690.14 | NOTE | |
r-release-macos-arm64 | 0.0.3 | 273.00 | NOTE | |||
r-release-macos-x86_64 | 0.0.3 | 534.00 | NOTE | |||
r-release-windows-x86_64 | 0.0.2 | 434.00 | 218.00 | 652.00 | NOTE | |
r-oldrel-macos-arm64 | 0.0.3 | 305.00 | NOTE | |||
r-oldrel-macos-x86_64 | 0.0.3 | 339.00 | NOTE | |||
r-oldrel-windows-x86_64 | 0.0.2 | 556.00 | 280.00 | 836.00 | NOTE |
Version: 0.0.2
Check: for GNU extensions in Makefiles
Result: NOTE
GNU make is a SystemRequirements.
Flavors: r-devel-linux-x86_64-debian-clang, r-devel-linux-x86_64-debian-gcc, r-patched-linux-x86_64, r-release-linux-x86_64, r-release-windows-x86_64, r-oldrel-windows-x86_64
Version: 0.0.3
Check: installed package size
Result: NOTE
installed size is 6.1Mb
sub-directories of 1Mb or more:
libs 5.7Mb
Flavors: r-devel-linux-x86_64-fedora-clang, r-devel-windows-x86_64, r-release-macos-arm64, r-release-macos-x86_64, r-oldrel-macos-arm64, r-oldrel-macos-x86_64
Version: 0.0.3
Check: for GNU extensions in Makefiles
Result: NOTE
GNU make is a SystemRequirements.
Flavors: r-devel-linux-x86_64-fedora-clang, r-devel-linux-x86_64-fedora-gcc, r-devel-windows-x86_64, r-release-macos-arm64, r-release-macos-x86_64, r-oldrel-macos-arm64, r-oldrel-macos-x86_64
These binaries (installable software) and packages are in development.
They may not be fully stable and should be used with caution. We make no claims about them.