Last updated on 2025-05-01 08:52:45 CEST.
Flavor | Version | Tinstall | Tcheck | Ttotal | Status | Flags |
---|---|---|---|---|---|---|
r-devel-linux-x86_64-debian-clang | 0.0.3 | 499.39 | 199.07 | 698.46 | OK | |
r-devel-linux-x86_64-debian-gcc | 0.0.3 | 463.67 | 179.24 | 642.91 | OK | |
r-devel-linux-x86_64-fedora-clang | 0.0.3 | 1161.42 | OK | |||
r-devel-linux-x86_64-fedora-gcc | 0.0.3 | 1651.42 | OK | |||
r-devel-windows-x86_64 | 0.0.3 | 575.00 | 234.00 | 809.00 | OK | |
r-patched-linux-x86_64 | 0.0.3 | 638.05 | 239.24 | 877.29 | OK | |
r-release-linux-x86_64 | OK | |||||
r-release-macos-arm64 | 0.0.3 | 273.00 | OK | |||
r-release-macos-x86_64 | 0.0.3 | 534.00 | OK | |||
r-release-windows-x86_64 | 0.0.3 | 577.00 | 230.00 | 807.00 | OK | |
r-oldrel-macos-arm64 | 0.0.3 | 153.00 | NOTE | |||
r-oldrel-macos-x86_64 | 0.0.3 | 150.00 | NOTE | |||
r-oldrel-windows-x86_64 | 0.0.3 | 644.00 | 289.00 | 933.00 | NOTE |
Version: 0.0.3
Check: installed package size
Result: NOTE
installed size is 94.7Mb
sub-directories of 1Mb or more:
libs 94.4Mb
Flavors: r-oldrel-macos-arm64, r-oldrel-macos-x86_64
Version: 0.0.3
Check: for GNU extensions in Makefiles
Result: NOTE
GNU make is a SystemRequirements.
Flavors: r-oldrel-macos-arm64, r-oldrel-macos-x86_64, r-oldrel-windows-x86_64
These binaries (installable software) and packages are in development.
They may not be fully stable and should be used with caution. We make no claims about them.