Last updated on 2025-05-08 04:52:17 CEST.
Flavor | Version | Tinstall | Tcheck | Ttotal | Status | Flags |
---|---|---|---|---|---|---|
r-devel-linux-x86_64-debian-clang | 0.1.9 | 247.60 | 211.57 | 459.17 | OK | |
r-devel-linux-x86_64-debian-gcc | 0.1.9 | 219.77 | 161.45 | 381.22 | OK | |
r-devel-linux-x86_64-fedora-clang | 0.1.9 | 747.97 | OK | |||
r-devel-linux-x86_64-fedora-gcc | 0.1.9 | 995.31 | OK | |||
r-devel-windows-x86_64 | 0.1.9 | 264.00 | 244.00 | 508.00 | OK | |
r-patched-linux-x86_64 | 0.1.9 | 291.97 | 223.04 | 515.01 | OK | |
r-release-linux-x86_64 | 0.1.9 | 275.67 | 224.26 | 499.93 | OK | |
r-release-macos-arm64 | 0.1.9 | 218.00 | OK | |||
r-release-macos-x86_64 | 0.1.9 | 543.00 | OK | |||
r-release-windows-x86_64 | 0.1.9 | 263.00 | 235.00 | 498.00 | OK | |
r-oldrel-macos-arm64 | 0.1.9 | 179.00 | NOTE | |||
r-oldrel-macos-x86_64 | 0.1.9 | 305.00 | NOTE | |||
r-oldrel-windows-x86_64 | 0.1.9 | 302.00 | 304.00 | 606.00 | NOTE |
Version: 0.1.9
Check: installed package size
Result: NOTE
installed size is 57.3Mb
sub-directories of 1Mb or more:
libs 56.6Mb
Flavors: r-oldrel-macos-arm64, r-oldrel-macos-x86_64
Version: 0.1.9
Check: for GNU extensions in Makefiles
Result: NOTE
GNU make is a SystemRequirements.
Flavors: r-oldrel-macos-arm64, r-oldrel-macos-x86_64, r-oldrel-windows-x86_64
These binaries (installable software) and packages are in development.
They may not be fully stable and should be used with caution. We make no claims about them.