Last updated on 2025-11-12 23:50:57 CET.
| Flavor | Version | Tinstall | Tcheck | Ttotal | Status | Flags |
|---|---|---|---|---|---|---|
| r-devel-linux-x86_64-debian-clang | 0.1.9 | 258.24 | 226.17 | 484.41 | OK | |
| r-devel-linux-x86_64-debian-gcc | 0.1.9 | 211.23 | 170.76 | 381.99 | OK | |
| r-devel-linux-x86_64-fedora-clang | 0.1.9 | 460.00 | 255.95 | 715.95 | OK | |
| r-devel-linux-x86_64-fedora-gcc | 0.1.9 | 1680.00 | -723.84 | 956.16 | OK | |
| r-devel-windows-x86_64 | 0.1.9 | 261.00 | 247.00 | 508.00 | OK | |
| r-patched-linux-x86_64 | 0.1.9 | 280.57 | 236.70 | 517.27 | OK | |
| r-release-linux-x86_64 | 0.1.9 | 284.46 | 236.97 | 521.43 | OK | |
| r-release-macos-arm64 | 0.1.9 | 108.00 | 110.00 | 218.00 | OK | |
| r-release-macos-x86_64 | 0.1.9 | 252.00 | 291.00 | 543.00 | OK | |
| r-release-windows-x86_64 | 0.1.9 | 258.00 | 243.00 | 501.00 | OK | |
| r-oldrel-macos-arm64 | 0.1.9 | 96.00 | 83.00 | 179.00 | NOTE | |
| r-oldrel-macos-x86_64 | 0.1.9 | 141.00 | 164.00 | 305.00 | NOTE | |
| r-oldrel-windows-x86_64 | 0.1.9 | 304.00 | 325.00 | 629.00 | NOTE |
Version: 0.1.9
Check: installed package size
Result: NOTE
installed size is 57.3Mb
sub-directories of 1Mb or more:
libs 56.6Mb
Flavors: r-oldrel-macos-arm64, r-oldrel-macos-x86_64
Version: 0.1.9
Check: for GNU extensions in Makefiles
Result: NOTE
GNU make is a SystemRequirements.
Flavors: r-oldrel-macos-arm64, r-oldrel-macos-x86_64, r-oldrel-windows-x86_64
These binaries (installable software) and packages are in development.
They may not be fully stable and should be used with caution. We make no claims about them.