Last updated on 2025-07-26 07:50:33 CEST.
Flavor | Version | Tinstall | Tcheck | Ttotal | Status | Flags |
---|---|---|---|---|---|---|
r-devel-linux-x86_64-debian-clang | 0.1.9 | 249.47 | 210.49 | 459.96 | OK | |
r-devel-linux-x86_64-debian-gcc | 0.1.9 | 245.76 | 163.05 | 408.81 | OK | |
r-devel-linux-x86_64-fedora-clang | 0.1.9 | 691.47 | OK | |||
r-devel-linux-x86_64-fedora-gcc | 0.1.9 | 850.72 | OK | |||
r-devel-windows-x86_64 | 0.1.9 | 266.00 | 239.00 | 505.00 | OK | |
r-patched-linux-x86_64 | 0.1.9 | 284.05 | 222.37 | 506.42 | OK | |
r-release-linux-x86_64 | 0.1.9 | 270.37 | 223.51 | 493.88 | OK | |
r-release-macos-arm64 | 0.1.9 | 218.00 | OK | |||
r-release-macos-x86_64 | 0.1.9 | 543.00 | OK | |||
r-release-windows-x86_64 | 0.1.9 | 282.00 | 241.00 | 523.00 | OK | |
r-oldrel-macos-arm64 | 0.1.9 | 179.00 | NOTE | |||
r-oldrel-macos-x86_64 | 0.1.9 | 305.00 | NOTE | |||
r-oldrel-windows-x86_64 | 0.1.9 | 311.00 | 310.00 | 621.00 | NOTE |
Version: 0.1.9
Check: installed package size
Result: NOTE
installed size is 57.3Mb
sub-directories of 1Mb or more:
libs 56.6Mb
Flavors: r-oldrel-macos-arm64, r-oldrel-macos-x86_64
Version: 0.1.9
Check: for GNU extensions in Makefiles
Result: NOTE
GNU make is a SystemRequirements.
Flavors: r-oldrel-macos-arm64, r-oldrel-macos-x86_64, r-oldrel-windows-x86_64
These binaries (installable software) and packages are in development.
They may not be fully stable and should be used with caution. We make no claims about them.