Last updated on 2025-02-16 08:50:59 CET.
Flavor | Version | Tinstall | Tcheck | Ttotal | Status | Flags |
---|---|---|---|---|---|---|
r-devel-linux-x86_64-debian-clang | 2.4.0 | 2.65 | 41.92 | 44.57 | NOTE | |
r-devel-linux-x86_64-debian-gcc | 2.4.0 | 2.19 | 33.23 | 35.42 | NOTE | |
r-devel-linux-x86_64-fedora-clang | 2.4.0 | 72.89 | OK | |||
r-devel-linux-x86_64-fedora-gcc | 2.4.0 | 78.30 | OK | |||
r-devel-macos-arm64 | 2.4.0 | 33.00 | OK | |||
r-devel-macos-x86_64 | 2.4.0 | 52.00 | OK | |||
r-devel-windows-x86_64 | 2.4.0 | 4.00 | 65.00 | 69.00 | NOTE | |
r-patched-linux-x86_64 | 2.4.0 | 4.11 | 40.25 | 44.36 | OK | |
r-release-linux-x86_64 | 2.4.0 | 2.45 | 40.65 | 43.10 | OK | |
r-release-macos-arm64 | 2.4.0 | 28.00 | OK | |||
r-release-macos-x86_64 | 2.4.0 | 41.00 | OK | |||
r-release-windows-x86_64 | 2.4.0 | 4.00 | 67.00 | 71.00 | OK | |
r-oldrel-macos-arm64 | 2.4.0 | 41.00 | OK | |||
r-oldrel-macos-x86_64 | 2.4.0 | 72.00 | OK | |||
r-oldrel-windows-x86_64 | 2.4.0 | 5.00 | 90.00 | 95.00 | OK |
Version: 2.4.0
Check: Rd cross-references
Result: NOTE
Found the following Rd file(s) with Rd \link{} targets missing package
anchors:
rstan_create_package.Rd: Rcpp
Please provide package anchors for all Rd \link{} targets not in the
package itself and the base packages.
Flavors: r-devel-linux-x86_64-debian-clang, r-devel-linux-x86_64-debian-gcc, r-devel-windows-x86_64
These binaries (installable software) and packages are in development.
They may not be fully stable and should be used with caution. We make no claims about them.