CRAN Package Check Results for Package rstatscn

Last updated on 2025-07-23 21:51:58 CEST.

Flavor Version Tinstall Tcheck Ttotal Status Flags
r-devel-linux-x86_64-debian-clang 1.1.3 1.68 21.06 22.74 NOTE
r-devel-linux-x86_64-debian-gcc 1.1.3 1.55 17.99 19.54 NOTE
r-devel-linux-x86_64-fedora-clang 1.1.3 34.19 OK
r-devel-linux-x86_64-fedora-gcc 1.1.3 32.92 OK
r-devel-windows-x86_64 1.1.3 3.00 41.00 44.00 OK
r-patched-linux-x86_64 1.1.3 1.80 18.81 20.61 OK
r-release-linux-x86_64 1.1.3 1.64 19.13 20.77 OK
r-release-macos-arm64 1.1.3 18.00 OK
r-release-macos-x86_64 1.1.3 26.00 OK
r-release-windows-x86_64 1.1.3 4.00 47.00 51.00 OK
r-oldrel-macos-arm64 1.1.3 15.00 OK
r-oldrel-macos-x86_64 1.1.3 22.00 OK
r-oldrel-windows-x86_64 1.1.3 4.00 45.00 49.00 OK

Check Details

Version: 1.1.3
Check: CRAN incoming feasibility
Result: NOTE Maintainer: ‘Xuehui YANG <jianghang@bagualu.net>’ No Authors@R field in DESCRIPTION. Please add one, modifying Authors@R: person(given = "Xuehui", family = "YANG", role = c("aut", "cre"), email = "jianghang@bagualu.net") as necessary. Flavors: r-devel-linux-x86_64-debian-clang, r-devel-linux-x86_64-debian-gcc

These binaries (installable software) and packages are in development.
They may not be fully stable and should be used with caution. We make no claims about them.