Last updated on 2025-11-12 23:50:57 CET.
| Flavor | Version | Tinstall | Tcheck | Ttotal | Status | Flags |
|---|---|---|---|---|---|---|
| r-devel-linux-x86_64-debian-clang | 1.7.0 | 216.61 | 172.72 | 389.33 | OK | |
| r-devel-linux-x86_64-debian-gcc | 1.7.0 | 138.69 | 120.86 | 259.55 | OK | |
| r-devel-linux-x86_64-fedora-clang | 1.7.0 | 227.00 | 400.60 | 627.60 | OK | |
| r-devel-linux-x86_64-fedora-gcc | 1.7.0 | 535.00 | 168.31 | 703.31 | OK | |
| r-devel-windows-x86_64 | 1.7.0 | 221.00 | 243.00 | 464.00 | OK | |
| r-patched-linux-x86_64 | 1.7.0 | 220.85 | 166.44 | 387.29 | OK | |
| r-release-linux-x86_64 | 1.7.0 | 212.78 | 167.05 | 379.83 | OK | |
| r-release-macos-arm64 | 1.7.0 | 85.00 | 104.00 | 189.00 | OK | |
| r-release-macos-x86_64 | 1.7.0 | 95.00 | 186.00 | 281.00 | OK | |
| r-release-windows-x86_64 | 1.7.0 | 245.00 | 244.00 | 489.00 | OK | |
| r-oldrel-macos-arm64 | 1.7.0 | 81.00 | 117.00 | 198.00 | NOTE | |
| r-oldrel-macos-x86_64 | 1.7.0 | 108.00 | 165.00 | 273.00 | NOTE | |
| r-oldrel-windows-x86_64 | 1.7.0 | 266.00 | 290.00 | 556.00 | OK |
Version: 1.7.0
Check: installed package size
Result: NOTE
installed size is 24.6Mb
sub-directories of 1Mb or more:
libs 22.3Mb
Flavors: r-oldrel-macos-arm64, r-oldrel-macos-x86_64
These binaries (installable software) and packages are in development.
They may not be fully stable and should be used with caution. We make no claims about them.