CRAN Package Check Results for Package rsurv

Last updated on 2025-05-08 04:52:17 CEST.

Flavor Version Tinstall Tcheck Ttotal Status Flags
r-devel-linux-x86_64-debian-clang 0.0.2 21.53 143.77 165.30 NOTE
r-devel-linux-x86_64-debian-gcc 0.0.2 16.28 103.32 119.60 NOTE
r-devel-linux-x86_64-fedora-clang 0.0.2 251.44 NOTE
r-devel-linux-x86_64-fedora-gcc 0.0.2 263.88 NOTE
r-devel-windows-x86_64 0.0.2 16.00 131.00 147.00 NOTE
r-patched-linux-x86_64 0.0.2 20.94 137.30 158.24 NOTE
r-release-linux-x86_64 0.0.2 21.53 136.36 157.89 NOTE
r-release-macos-arm64 0.0.2 63.00 NOTE
r-release-macos-x86_64 0.0.2 214.00 OK
r-release-windows-x86_64 0.0.2 16.00 130.00 146.00 NOTE
r-oldrel-macos-arm64 0.0.2 65.00 OK
r-oldrel-macos-x86_64 0.0.2 110.00 OK
r-oldrel-windows-x86_64 0.0.2 21.00 166.00 187.00 OK

Check Details

Version: 0.0.2
Check: DESCRIPTION meta-information
Result: NOTE Missing dependency on R >= 4.1.0 because package code uses the pipe |> or function shorthand \(...) syntax added in R 4.1.0. File(s) using such syntax: ‘lp.Rd’ Flavors: r-devel-linux-x86_64-debian-clang, r-devel-linux-x86_64-debian-gcc, r-devel-linux-x86_64-fedora-clang, r-devel-linux-x86_64-fedora-gcc, r-devel-windows-x86_64, r-patched-linux-x86_64, r-release-linux-x86_64, r-release-macos-arm64, r-release-windows-x86_64

These binaries (installable software) and packages are in development.
They may not be fully stable and should be used with caution. We make no claims about them.