Last updated on 2025-10-23 11:50:26 CEST.
Flavor | Version | Tinstall | Tcheck | Ttotal | Status | Flags |
---|---|---|---|---|---|---|
r-devel-linux-x86_64-debian-clang | 0.0.2 | 20.94 | 154.21 | 175.15 | NOTE | |
r-devel-linux-x86_64-debian-gcc | 0.0.2 | 18.42 | 113.39 | 131.81 | NOTE | |
r-devel-linux-x86_64-fedora-clang | 0.0.2 | 48.00 | 223.52 | 271.52 | NOTE | |
r-devel-linux-x86_64-fedora-gcc | 0.0.2 | 62.00 | 212.49 | 274.49 | NOTE | |
r-devel-windows-x86_64 | 0.0.2 | 18.00 | 140.00 | 158.00 | NOTE | |
r-patched-linux-x86_64 | 0.0.2 | 23.15 | 151.11 | 174.26 | NOTE | |
r-release-linux-x86_64 | 0.0.2 | 20.82 | 150.89 | 171.71 | NOTE | |
r-release-macos-arm64 | 0.0.2 | 5.00 | 58.00 | 63.00 | NOTE | |
r-release-macos-x86_64 | 0.0.2 | 25.00 | 189.00 | 214.00 | OK | |
r-release-windows-x86_64 | 0.0.2 | 17.00 | 139.00 | 156.00 | NOTE | |
r-oldrel-macos-arm64 | 0.0.2 | 6.00 | 59.00 | 65.00 | OK | |
r-oldrel-macos-x86_64 | 0.0.2 | 10.00 | 100.00 | 110.00 | OK | |
r-oldrel-windows-x86_64 | 0.0.2 | 23.00 | 180.00 | 203.00 | OK |
Version: 0.0.2
Check: DESCRIPTION meta-information
Result: NOTE
Missing dependency on R >= 4.1.0 because package code uses the pipe
|> or function shorthand \(...) syntax added in R 4.1.0.
File(s) using such syntax:
‘lp.Rd’
Flavors: r-devel-linux-x86_64-debian-clang, r-devel-linux-x86_64-debian-gcc, r-devel-linux-x86_64-fedora-clang, r-devel-linux-x86_64-fedora-gcc, r-devel-windows-x86_64, r-patched-linux-x86_64, r-release-linux-x86_64, r-release-macos-arm64, r-release-windows-x86_64
These binaries (installable software) and packages are in development.
They may not be fully stable and should be used with caution. We make no claims about them.