Last updated on 2025-02-16 08:50:59 CET.
Flavor | Version | Tinstall | Tcheck | Ttotal | Status | Flags |
---|---|---|---|---|---|---|
r-devel-linux-x86_64-debian-clang | 1.0.0 | 22.61 | 30.15 | 52.76 | NOTE | |
r-devel-linux-x86_64-debian-gcc | 1.0.0 | 16.48 | 23.82 | 40.30 | NOTE | |
r-devel-linux-x86_64-fedora-clang | 1.0.0 | 95.51 | NOTE | |||
r-devel-linux-x86_64-fedora-gcc | 1.0.0 | 113.83 | NOTE | |||
r-devel-macos-arm64 | 1.0.0 | 36.00 | NOTE | |||
r-devel-macos-x86_64 | 1.0.0 | 62.00 | NOTE | |||
r-devel-windows-x86_64 | 1.0.0 | 25.00 | 71.00 | 96.00 | NOTE | |
r-patched-linux-x86_64 | 1.0.0 | 23.16 | 28.32 | 51.48 | NOTE | |
r-release-linux-x86_64 | 1.0.0 | 21.53 | 28.49 | 50.02 | NOTE | |
r-release-macos-arm64 | 1.0.0 | 36.00 | NOTE | |||
r-release-macos-x86_64 | 1.0.0 | 51.00 | NOTE | |||
r-release-windows-x86_64 | 1.0.0 | 25.00 | 72.00 | 97.00 | NOTE | |
r-oldrel-macos-arm64 | 1.0.0 | 34.00 | NOTE | |||
r-oldrel-macos-x86_64 | 1.0.0 | 64.00 | NOTE | |||
r-oldrel-windows-x86_64 | 1.0.0 | 31.00 | 81.00 | 112.00 | NOTE |
Version: 1.0.0
Check: C++ specification
Result: NOTE
Specified C++11: please drop specification unless essential
Flavors: r-devel-linux-x86_64-debian-clang, r-devel-linux-x86_64-debian-gcc, r-devel-linux-x86_64-fedora-clang, r-devel-linux-x86_64-fedora-gcc, r-devel-macos-arm64, r-devel-macos-x86_64, r-devel-windows-x86_64, r-patched-linux-x86_64, r-release-linux-x86_64, r-release-macos-arm64, r-release-macos-x86_64, r-release-windows-x86_64, r-oldrel-macos-arm64, r-oldrel-macos-x86_64, r-oldrel-windows-x86_64
These binaries (installable software) and packages are in development.
They may not be fully stable and should be used with caution. We make no claims about them.