Last updated on 2025-07-27 21:51:02 CEST.
Flavor | Version | Tinstall | Tcheck | Ttotal | Status | Flags |
---|---|---|---|---|---|---|
r-devel-linux-x86_64-debian-clang | 9.3.21 | 320.91 | 33.47 | 354.38 | OK | |
r-devel-linux-x86_64-debian-gcc | 9.3.21 | 275.32 | 27.12 | 302.44 | OK | |
r-devel-linux-x86_64-fedora-clang | 9.3.21 | 545.27 | OK | |||
r-devel-linux-x86_64-fedora-gcc | 9.3.21 | 631.31 | OK | |||
r-devel-windows-x86_64 | 9.3.21 | 1328.00 | 81.00 | 1409.00 | OK | |
r-patched-linux-x86_64 | 9.3.21 | 313.55 | 32.13 | 345.68 | OK | |
r-release-linux-x86_64 | 9.3.21 | 317.38 | 32.00 | 349.38 | OK | |
r-release-macos-arm64 | 9.3.21 | 276.00 | OK | |||
r-release-macos-x86_64 | 9.3.21 | 539.00 | OK | |||
r-release-windows-x86_64 | 9.3.21 | 1075.00 | 70.00 | 1145.00 | OK | |
r-oldrel-macos-arm64 | 9.3.21 | 245.00 | NOTE | |||
r-oldrel-macos-x86_64 | 9.3.21 | 324.00 | NOTE | |||
r-oldrel-windows-x86_64 | 9.3.21 | 1083.00 | 80.00 | 1163.00 | NOTE |
Version: 9.3.21
Check: installed package size
Result: NOTE
installed size is 26.7Mb
sub-directories of 1Mb or more:
swipl 26.2Mb
Flavors: r-oldrel-macos-arm64, r-oldrel-macos-x86_64, r-oldrel-windows-x86_64
Version: 9.3.21
Check: for GNU extensions in Makefiles
Result: NOTE
GNU make is a SystemRequirements.
Flavors: r-oldrel-macos-arm64, r-oldrel-macos-x86_64, r-oldrel-windows-x86_64
These binaries (installable software) and packages are in development.
They may not be fully stable and should be used with caution. We make no claims about them.