Last updated on 2025-10-03 17:48:45 CEST.
Flavor | Version | Tinstall | Tcheck | Ttotal | Status | Flags |
---|---|---|---|---|---|---|
r-devel-linux-x86_64-debian-clang | 9.3.21 | 319.02 | 34.60 | 353.62 | OK | |
r-devel-linux-x86_64-debian-gcc | 9.3.21 | 269.38 | 27.81 | 297.19 | OK | |
r-devel-linux-x86_64-fedora-clang | 9.3.21 | 549.15 | OK | |||
r-devel-linux-x86_64-fedora-gcc | 9.3.21 | 637.24 | OK | |||
r-devel-windows-x86_64 | 9.3.21 | 1082.00 | 70.00 | 1152.00 | OK | |
r-patched-linux-x86_64 | 9.3.21 | 309.22 | 33.27 | 342.49 | OK | |
r-release-linux-x86_64 | 9.3.21 | 307.83 | 33.17 | 341.00 | OK | |
r-release-macos-arm64 | 9.3.21 | 276.00 | OK | |||
r-release-macos-x86_64 | 9.3.21 | 539.00 | OK | |||
r-release-windows-x86_64 | 9.3.21 | 1124.00 | 70.00 | 1194.00 | OK | |
r-oldrel-macos-arm64 | 9.3.21 | 245.00 | NOTE | |||
r-oldrel-macos-x86_64 | 9.3.21 | 324.00 | NOTE | |||
r-oldrel-windows-x86_64 | 9.3.21 | 1145.00 | 83.00 | 1228.00 | NOTE |
Version: 9.3.21
Check: installed package size
Result: NOTE
installed size is 26.7Mb
sub-directories of 1Mb or more:
swipl 26.2Mb
Flavors: r-oldrel-macos-arm64, r-oldrel-macos-x86_64, r-oldrel-windows-x86_64
Version: 9.3.21
Check: for GNU extensions in Makefiles
Result: NOTE
GNU make is a SystemRequirements.
Flavors: r-oldrel-macos-arm64, r-oldrel-macos-x86_64, r-oldrel-windows-x86_64
These binaries (installable software) and packages are in development.
They may not be fully stable and should be used with caution. We make no claims about them.