Last updated on 2025-07-02 03:50:51 CEST.
Flavor | Version | Tinstall | Tcheck | Ttotal | Status | Flags |
---|---|---|---|---|---|---|
r-devel-linux-x86_64-debian-clang | 0.1.4 | 6.30 | 58.44 | 64.74 | NOTE | |
r-devel-linux-x86_64-debian-gcc | 0.1.4 | 4.46 | 40.41 | 44.87 | NOTE | |
r-devel-linux-x86_64-fedora-clang | 0.1.4 | 99.19 | OK | |||
r-devel-linux-x86_64-fedora-gcc | 0.1.4 | 97.20 | OK | |||
r-devel-windows-x86_64 | 0.1.4 | 8.00 | 80.00 | 88.00 | OK | |
r-patched-linux-x86_64 | OK | |||||
r-release-linux-x86_64 | 0.1.4 | 5.29 | 54.21 | 59.50 | OK | |
r-release-macos-arm64 | 0.1.4 | 34.00 | OK | |||
r-release-macos-x86_64 | 0.1.4 | 58.00 | OK | |||
r-release-windows-x86_64 | 0.1.4 | 8.00 | 81.00 | 89.00 | OK | |
r-oldrel-macos-arm64 | 0.1.4 | 29.00 | OK | |||
r-oldrel-macos-x86_64 | 0.1.4 | 45.00 | OK | |||
r-oldrel-windows-x86_64 | 0.1.4 | 10.00 | 96.00 | 106.00 | OK |
Version: 0.1.4
Check: CRAN incoming feasibility
Result: NOTE
Maintainer: ‘Kasper Welbers <kasperwelbers@gmail.com>’
No Authors@R field in DESCRIPTION.
Please add one, modifying
Authors@R: c(person(given = "Kasper",
family = "Welbers",
role = c("aut", "cre"),
email = "kasperwelbers@gmail.com"),
person(given = "Wouter",
family = "van Atteveldt",
role = "aut"))
as necessary.
Flavors: r-devel-linux-x86_64-debian-clang, r-devel-linux-x86_64-debian-gcc
These binaries (installable software) and packages are in development.
They may not be fully stable and should be used with caution. We make no claims about them.