Last updated on 2025-10-27 11:50:31 CET.
| Flavor | Version | Tinstall | Tcheck | Ttotal | Status | Flags |
|---|---|---|---|---|---|---|
| r-devel-linux-x86_64-debian-clang | 0.1.2 | 1.65 | 20.03 | 21.68 | NOTE | |
| r-devel-linux-x86_64-debian-gcc | 0.1.2 | 1.42 | 16.73 | 18.15 | NOTE | |
| r-devel-linux-x86_64-fedora-clang | 0.1.2 | 31.77 | OK | |||
| r-devel-linux-x86_64-fedora-gcc | 0.1.2 | 29.67 | OK | |||
| r-devel-windows-x86_64 | 0.1.2 | 3.00 | 41.00 | 44.00 | OK | |
| r-patched-linux-x86_64 | 0.1.2 | 1.75 | 18.90 | 20.65 | OK | |
| r-release-linux-x86_64 | 0.1.2 | 1.69 | 18.89 | 20.58 | OK | |
| r-release-macos-arm64 | 0.1.2 | 1.00 | 15.00 | 16.00 | OK | |
| r-release-macos-x86_64 | 0.1.2 | 2.00 | 21.00 | 23.00 | OK | |
| r-release-windows-x86_64 | 0.1.2 | 3.00 | 43.00 | 46.00 | OK | |
| r-oldrel-macos-arm64 | 0.1.2 | 1.00 | 14.00 | 15.00 | NOTE | |
| r-oldrel-macos-x86_64 | 0.1.2 | 1.00 | 20.00 | 21.00 | NOTE | |
| r-oldrel-windows-x86_64 | 0.1.2 | 3.00 | 43.00 | 46.00 | NOTE |
Version: 0.1.2
Check: CRAN incoming feasibility
Result: NOTE
Maintainer: ‘Johan Jordaan <djjordaan@gmail.com>’
No Authors@R field in DESCRIPTION.
Please add one, modifying
Authors@R: person(given = "Johan",
family = "Jordaan",
role = c("aut", "cre"),
email = "djjordaan@gmail.com")
as necessary.
Flavors: r-devel-linux-x86_64-debian-clang, r-devel-linux-x86_64-debian-gcc
Version: 0.1.2
Check: LazyData
Result: NOTE
'LazyData' is specified without a 'data' directory
Flavors: r-oldrel-macos-arm64, r-oldrel-macos-x86_64, r-oldrel-windows-x86_64
These binaries (installable software) and packages are in development.
They may not be fully stable and should be used with caution. We make no claims about them.