Last updated on 2025-11-11 15:50:46 CET.
| Flavor | Version | Tinstall | Tcheck | Ttotal | Status | Flags |
|---|---|---|---|---|---|---|
| r-devel-linux-x86_64-debian-clang | 2.2 | 1.80 | 18.52 | 20.32 | NOTE | |
| r-devel-linux-x86_64-debian-gcc | 2.2 | 1.46 | 15.23 | 16.69 | NOTE | |
| r-devel-linux-x86_64-fedora-clang | 2.2 | 29.83 | OK | |||
| r-devel-linux-x86_64-fedora-gcc | 2.2 | 30.03 | OK | |||
| r-devel-windows-x86_64 | 2.2 | 3.00 | 34.00 | 37.00 | OK | |
| r-patched-linux-x86_64 | 2.2 | 1.95 | 17.51 | 19.46 | OK | |
| r-release-linux-x86_64 | 2.2 | 1.66 | 17.48 | 19.14 | OK | |
| r-release-macos-arm64 | 2.2 | 1.00 | 13.00 | 14.00 | OK | |
| r-release-macos-x86_64 | 2.2 | 2.00 | 19.00 | 21.00 | OK | |
| r-release-windows-x86_64 | 2.2 | 3.00 | 34.00 | 37.00 | OK | |
| r-oldrel-macos-arm64 | 2.2 | 1.00 | 13.00 | 14.00 | OK | |
| r-oldrel-macos-x86_64 | 2.2 | 2.00 | 16.00 | 18.00 | OK | |
| r-oldrel-windows-x86_64 | 2.2 | 3.00 | 35.00 | 38.00 | OK |
Version: 2.2
Check: CRAN incoming feasibility
Result: NOTE
Maintainer: ‘Miron B. Kursa <M.Kursa@icm.edu.pl>’
No Authors@R field in DESCRIPTION.
Please add one, modifying
Authors@R: person(given = c("Miron", "B."),
family = "Kursa",
role = c("aut", "cre"),
email = "m.kursa@icm.edu.pl")
as necessary.
Flavors: r-devel-linux-x86_64-debian-clang, r-devel-linux-x86_64-debian-gcc
These binaries (installable software) and packages are in development.
They may not be fully stable and should be used with caution. We make no claims about them.