Last updated on 2025-11-12 18:50:45 CET.
| Flavor | Version | Tinstall | Tcheck | Ttotal | Status | Flags |
|---|---|---|---|---|---|---|
| r-devel-linux-x86_64-debian-clang | 0.11-5 | 18.78 | 339.90 | 358.68 | NOTE | |
| r-devel-linux-x86_64-debian-gcc | 0.11-5 | 14.00 | 193.96 | 207.96 | NOTE | |
| r-devel-linux-x86_64-fedora-clang | 0.11-5 | 114.00 | 493.52 | 607.52 | NOTE | |
| r-devel-linux-x86_64-fedora-gcc | 0.11-5 | 46.00 | 521.69 | 567.69 | NOTE | |
| r-devel-windows-x86_64 | 0.11-5 | 27.00 | 289.00 | 316.00 | NOTE | |
| r-patched-linux-x86_64 | 0.11-5 | 21.03 | 319.89 | 340.92 | NOTE | |
| r-release-linux-x86_64 | 0.11-5 | 19.81 | 320.26 | 340.07 | NOTE | |
| r-release-macos-arm64 | 0.11-5 | 14.00 | 187.00 | 201.00 | NOTE | |
| r-release-macos-x86_64 | 0.11-5 | 17.00 | 362.00 | 379.00 | NOTE | |
| r-release-windows-x86_64 | 0.11-5 | 25.00 | 271.00 | 296.00 | NOTE | |
| r-oldrel-macos-arm64 | 0.11-5 | 10.00 | 122.00 | 132.00 | NOTE | |
| r-oldrel-macos-x86_64 | 0.11-5 | 12.00 | 205.00 | 217.00 | NOTE | |
| r-oldrel-windows-x86_64 | 0.11-5 | 33.00 | 402.00 | 435.00 | NOTE |
Version: 0.11-5
Check: Rd files
Result: NOTE
checkRd: (-1) LBA-race.Rd:157: Lost braces
157 | corresponding (and not first) accumulator winning see /code{/link{LBA}}.
| ^
checkRd: (-1) LBA-race.Rd:157: Lost braces
157 | corresponding (and not first) accumulator winning see /code{/link{LBA}}.
| ^
Flavors: r-devel-linux-x86_64-debian-clang, r-devel-linux-x86_64-debian-gcc, r-devel-linux-x86_64-fedora-clang, r-devel-linux-x86_64-fedora-gcc, r-devel-windows-x86_64, r-patched-linux-x86_64, r-release-linux-x86_64, r-release-macos-arm64, r-release-macos-x86_64, r-release-windows-x86_64, r-oldrel-macos-arm64, r-oldrel-macos-x86_64, r-oldrel-windows-x86_64
These binaries (installable software) and packages are in development.
They may not be fully stable and should be used with caution. We make no claims about them.