Last updated on 2024-07-27 15:50:32 CEST.
Flavor | Version | Tinstall | Tcheck | Ttotal | Status | Flags |
---|---|---|---|---|---|---|
r-devel-linux-x86_64-debian-clang | 0.4-14.1 | 3.41 | 50.95 | 54.36 | NOTE | |
r-devel-linux-x86_64-debian-gcc | 0.4-14.1 | NOTE | ||||
r-devel-linux-x86_64-fedora-clang | 0.4-14.1 | 70.60 | NOTE | |||
r-devel-linux-x86_64-fedora-gcc | 0.4-14.1 | 79.83 | NOTE | |||
r-devel-windows-x86_64 | 0.4-14.1 | 4.00 | 73.00 | 77.00 | OK | |
r-patched-linux-x86_64 | 0.4-14.1 | NOTE | ||||
r-release-linux-x86_64 | 0.4-14.1 | 2.93 | 49.91 | 52.84 | NOTE | |
r-release-macos-arm64 | 0.4-14.1 | 30.00 | OK | |||
r-release-macos-x86_64 | 0.4-14.1 | 56.00 | OK | |||
r-release-windows-x86_64 | 0.4-14.1 | 6.00 | 72.00 | 78.00 | OK | |
r-oldrel-macos-arm64 | 0.4-14.1 | 33.00 | OK | |||
r-oldrel-macos-x86_64 | 0.4-14.1 | 56.00 | OK | |||
r-oldrel-windows-x86_64 | 0.4-14.1 | 4.00 | 73.00 | 77.00 | OK |
Version: 0.4-14.1
Check: for non-standard things in the check directory
Result: NOTE
Found the following files/directories:
‘test_addPageBreak.doc’ ‘test_addPlot.doc’ ‘test_addSessionInfo.doc’
‘test_addTable.doc’
Flavors: r-devel-linux-x86_64-debian-clang, r-devel-linux-x86_64-debian-gcc, r-devel-linux-x86_64-fedora-clang, r-devel-linux-x86_64-fedora-gcc, r-patched-linux-x86_64, r-release-linux-x86_64
These binaries (installable software) and packages are in development.
They may not be fully stable and should be used with caution. We make no claims about them.