Last updated on 2025-02-16 08:50:59 CET.
Flavor | Version | Tinstall | Tcheck | Ttotal | Status | Flags |
---|---|---|---|---|---|---|
r-devel-linux-x86_64-debian-clang | 0.4-14.1 | 2.97 | 39.33 | 42.30 | NOTE | |
r-devel-linux-x86_64-debian-gcc | 0.4-14.1 | 2.11 | 31.03 | 33.14 | NOTE | |
r-devel-linux-x86_64-fedora-clang | 0.4-14.1 | 69.53 | NOTE | |||
r-devel-linux-x86_64-fedora-gcc | 0.4-14.1 | 80.08 | NOTE | |||
r-devel-macos-arm64 | 0.4-14.1 | 127.00 | OK | |||
r-devel-macos-x86_64 | 0.4-14.1 | 60.00 | OK | |||
r-devel-windows-x86_64 | 0.4-14.1 | 4.00 | 88.00 | 92.00 | OK | |
r-patched-linux-x86_64 | 0.4-14.1 | 2.67 | 38.19 | 40.86 | NOTE | |
r-release-linux-x86_64 | 0.4-14.1 | 2.78 | 38.32 | 41.10 | NOTE | |
r-release-macos-arm64 | 0.4-14.1 | 30.00 | OK | |||
r-release-macos-x86_64 | 0.4-14.1 | 56.00 | OK | |||
r-release-windows-x86_64 | 0.4-14.1 | 4.00 | 75.00 | 79.00 | OK | |
r-oldrel-macos-arm64 | 0.4-14.1 | 33.00 | OK | |||
r-oldrel-macos-x86_64 | 0.4-14.1 | 56.00 | OK | |||
r-oldrel-windows-x86_64 | 0.4-14.1 | 5.00 | 94.00 | 99.00 | OK |
Version: 0.4-14.1
Check: for non-standard things in the check directory
Result: NOTE
Found the following files/directories:
‘test_addPageBreak.doc’ ‘test_addPlot.doc’ ‘test_addSessionInfo.doc’
‘test_addTable.doc’
Flavors: r-devel-linux-x86_64-debian-clang, r-devel-linux-x86_64-debian-gcc, r-devel-linux-x86_64-fedora-clang, r-devel-linux-x86_64-fedora-gcc, r-patched-linux-x86_64, r-release-linux-x86_64
These binaries (installable software) and packages are in development.
They may not be fully stable and should be used with caution. We make no claims about them.